Last updated on 2025-05-13 19:52:26 CEST.
Flavor | Version | Tinstall | Tcheck | Ttotal | Status | Flags |
---|---|---|---|---|---|---|
r-devel-linux-x86_64-debian-clang | 1.1 | 1.61 | 20.37 | 21.98 | NOTE | |
r-devel-linux-x86_64-debian-gcc | 1.1 | 1.36 | 15.62 | 16.98 | NOTE | |
r-devel-linux-x86_64-fedora-clang | 1.1 | 34.59 | OK | |||
r-devel-linux-x86_64-fedora-gcc | 1.1 | 33.34 | OK | |||
r-devel-windows-x86_64 | 1.1 | 4.00 | 40.00 | 44.00 | OK | |
r-patched-linux-x86_64 | 1.1 | 1.79 | 19.52 | 21.31 | OK | |
r-release-linux-x86_64 | 1.1 | 1.70 | 19.95 | 21.65 | OK | |
r-release-macos-arm64 | 1.1 | 17.00 | OK | |||
r-release-macos-x86_64 | 1.1 | 26.00 | OK | |||
r-release-windows-x86_64 | 1.1 | 4.00 | 42.00 | 46.00 | OK | |
r-oldrel-macos-arm64 | 1.1 | 16.00 | OK | |||
r-oldrel-macos-x86_64 | 1.1 | 21.00 | OK | |||
r-oldrel-windows-x86_64 | 1.1 | 3.00 | 42.00 | 45.00 | OK |
Version: 1.1
Check: CRAN incoming feasibility
Result: NOTE
Maintainer: ‘Abbas Parchami <parchami@uk.ac.ir>’
No Authors@R field in DESCRIPTION.
Please add one, modifying
Authors@R: person(given = "Abbas",
family = "Parchami",
role = c("aut", "cre"),
email = "parchami@uk.ac.ir",
comment = "Department of Statistics, Faculty of Mathematics and Computer, Shahid Bahonar University of Kerman, Kerman, Iran")
as necessary.
Flavors: r-devel-linux-x86_64-debian-clang, r-devel-linux-x86_64-debian-gcc