Last updated on 2025-05-17 08:49:32 CEST.
Flavor | Version | Tinstall | Tcheck | Ttotal | Status | Flags |
---|---|---|---|---|---|---|
r-devel-linux-x86_64-debian-clang | 2.9.9 | 85.06 | 142.44 | 227.50 | NOTE | |
r-devel-linux-x86_64-debian-gcc | 2.9.9 | 60.93 | 103.23 | 164.16 | NOTE | |
r-devel-linux-x86_64-fedora-clang | 2.9.9 | 432.46 | OK | |||
r-devel-linux-x86_64-fedora-gcc | 2.9.9 | 418.19 | OK | |||
r-devel-windows-x86_64 | 2.9.9 | 104.00 | 0.00 | 104.00 | FAIL | |
r-patched-linux-x86_64 | 2.9.9 | 86.06 | 134.48 | 220.54 | NOTE | |
r-release-linux-x86_64 | 2.9.9 | 82.53 | 135.82 | 218.35 | NOTE | |
r-release-macos-arm64 | 2.9.9 | 124.00 | OK | |||
r-release-macos-x86_64 | 2.9.9 | 170.00 | OK | |||
r-release-windows-x86_64 | 2.9.9 | 100.00 | 175.00 | 275.00 | OK | |
r-oldrel-macos-arm64 | 2.9.9 | 125.00 | NOTE | |||
r-oldrel-macos-x86_64 | 2.9.9 | 213.00 | NOTE | |||
r-oldrel-windows-x86_64 | 2.9.9 | 118.00 | 210.00 | 328.00 | NOTE |
Version: 2.9.9
Check: for unstated dependencies in ‘demo’
Result: NOTE
'library' or 'require' calls not declared from:
‘rpart’ ‘rpart.plot’
Flavors: r-devel-linux-x86_64-debian-clang, r-devel-linux-x86_64-debian-gcc, r-patched-linux-x86_64, r-release-linux-x86_64
Version: 2.9.9
Check: re-building of vignette outputs
Result: FAIL
Check process probably crashed or hung up for 20 minutes ... killed
Most likely this happened in the example checks (?),
if not, ignore the following last lines of example output:
> ### ** Examples
>
> data(ydm20.train)
> data(ydm20.test)
> table(ydm20.train)
ydm20.train
0 1
39403 47
> table(ydm20.test)
ydm20.test
0 1
79700 100
>
>
>
> ### * <FOOTER>
> ###
> cleanEx()
> options(digits = 7L)
> base::cat("Time elapsed: ", proc.time() - base::get("ptime", pos = 'CheckExEnv'),"\n")
Time elapsed: 16.86 1.13 18.18 NA NA
> grDevices::dev.off()
null device
1
> ###
> ### Local variables: ***
> ### mode: outline-minor ***
> ### outline-regexp: "\\(> \\)?### [*]+" ***
> ### End: ***
> quit('no')
======== End of example output (where/before crash/hang up occured ?) ========
Flavor: r-devel-windows-x86_64
Version: 2.9.9
Check: installed package size
Result: NOTE
installed size is 8.1Mb
sub-directories of 1Mb or more:
data 3.1Mb
libs 3.4Mb
Flavors: r-oldrel-macos-arm64, r-oldrel-macos-x86_64, r-oldrel-windows-x86_64