CRAN Package Check Results for Package BayesCombo

Last updated on 2025-02-24 19:50:28 CET.

Flavor Version Tinstall Tcheck Ttotal Status Flags
r-devel-linux-x86_64-debian-clang 1.0 1.83 24.99 26.82 OK
r-devel-linux-x86_64-debian-gcc 1.0 1.47 20.33 21.80 OK
r-devel-linux-x86_64-fedora-clang 1.0 43.85 OK
r-devel-linux-x86_64-fedora-gcc 1.0 53.94 OK
r-devel-macos-arm64 1.0 26.00 OK
r-devel-macos-x86_64 1.0 42.00 OK
r-devel-windows-x86_64 1.0 3.00 45.00 48.00 OK
r-patched-linux-x86_64 1.0 1.78 23.74 25.52 NOTE
r-release-linux-x86_64 1.0 1.68 23.69 25.37 NOTE
r-release-macos-arm64 1.0 28.00 NOTE
r-release-macos-x86_64 1.0 35.00 NOTE
r-release-windows-x86_64 1.0 4.00 46.00 50.00 NOTE
r-oldrel-macos-arm64 1.0 23.00 NOTE
r-oldrel-macos-x86_64 1.0 34.00 NOTE
r-oldrel-windows-x86_64 1.0 4.00 47.00 51.00 NOTE

Check Details

Version: 1.0
Check: LazyData
Result: NOTE 'LazyData' is specified without a 'data' directory Flavors: r-patched-linux-x86_64, r-release-linux-x86_64, r-release-macos-arm64, r-release-macos-x86_64, r-release-windows-x86_64, r-oldrel-macos-arm64, r-oldrel-macos-x86_64, r-oldrel-windows-x86_64