Last updated on 2025-02-07 08:51:05 CET.
Flavor | Version | Tinstall | Tcheck | Ttotal | Status | Flags |
---|---|---|---|---|---|---|
r-devel-linux-x86_64-debian-clang | 2.1 | 9.44 | 21.09 | 30.53 | NOTE | |
r-devel-linux-x86_64-debian-gcc | 2.1 | 6.50 | 16.18 | 22.68 | NOTE | |
r-devel-linux-x86_64-fedora-clang | 2.1 | 55.91 | NOTE | |||
r-devel-linux-x86_64-fedora-gcc | 2.1 | 50.75 | NOTE | |||
r-devel-windows-x86_64 | 2.1 | 16.00 | 42.00 | 58.00 | NOTE | |
r-patched-linux-x86_64 | 2.1 | 8.70 | 20.06 | 28.76 | NOTE | |
r-release-linux-x86_64 | 2.1 | 8.91 | 19.72 | 28.63 | NOTE | |
r-release-macos-arm64 | 2.1 | 24.00 | NOTE | |||
r-release-macos-x86_64 | 2.1 | 28.00 | NOTE | |||
r-release-windows-x86_64 | 2.1 | 15.00 | 42.00 | 57.00 | NOTE | |
r-oldrel-macos-arm64 | 2.1 | 21.00 | NOTE | |||
r-oldrel-macos-x86_64 | 2.1 | 28.00 | NOTE | |||
r-oldrel-windows-x86_64 | 2.1 | 13.00 | 46.00 | 59.00 | NOTE |
Version: 2.1
Check: package subdirectories
Result: NOTE
Problems with news in ‘NEWS.md’:
No news entries found.
Flavors: r-devel-linux-x86_64-debian-clang, r-devel-linux-x86_64-debian-gcc, r-devel-linux-x86_64-fedora-clang, r-devel-linux-x86_64-fedora-gcc, r-devel-windows-x86_64, r-patched-linux-x86_64, r-release-linux-x86_64, r-release-macos-arm64, r-release-macos-x86_64, r-release-windows-x86_64, r-oldrel-macos-arm64, r-oldrel-macos-x86_64, r-oldrel-windows-x86_64