Last updated on 2025-02-24 19:50:28 CET.
Flavor | Version | Tinstall | Tcheck | Ttotal | Status | Flags |
---|---|---|---|---|---|---|
r-devel-linux-x86_64-debian-clang | 1.5 | 32.02 | 24.53 | 56.55 | NOTE | |
r-devel-linux-x86_64-debian-gcc | 1.5 | 19.58 | 20.31 | 39.89 | NOTE | |
r-devel-linux-x86_64-fedora-clang | 1.5 | 95.86 | NOTE | |||
r-devel-linux-x86_64-fedora-gcc | 1.5 | 91.31 | NOTE | |||
r-devel-macos-arm64 | 1.5 | 33.00 | NOTE | |||
r-devel-macos-x86_64 | 1.5 | 53.00 | NOTE | |||
r-devel-windows-x86_64 | 1.5 | 29.00 | 72.00 | 101.00 | NOTE | |
r-patched-linux-x86_64 | 1.5 | 26.73 | 23.08 | 49.81 | NOTE | |
r-release-linux-x86_64 | 1.5 | 26.71 | 23.41 | 50.12 | NOTE | |
r-release-macos-arm64 | 1.5 | 34.00 | NOTE | |||
r-release-macos-x86_64 | 1.5 | 44.00 | NOTE | |||
r-release-windows-x86_64 | 1.5 | 29.00 | 68.00 | 97.00 | NOTE | |
r-oldrel-macos-arm64 | 1.5 | 33.00 | NOTE | |||
r-oldrel-macos-x86_64 | 1.5 | 52.00 | NOTE | |||
r-oldrel-windows-x86_64 | 1.5 | 37.00 | 79.00 | 116.00 | NOTE |
Version: 1.5
Check: C++ specification
Result: NOTE
Specified C++11: please drop specification unless essential
Flavors: r-devel-linux-x86_64-debian-clang, r-devel-linux-x86_64-debian-gcc, r-devel-linux-x86_64-fedora-clang, r-devel-linux-x86_64-fedora-gcc, r-devel-macos-arm64, r-devel-macos-x86_64, r-devel-windows-x86_64, r-patched-linux-x86_64, r-release-linux-x86_64, r-release-macos-arm64, r-release-macos-x86_64, r-release-windows-x86_64, r-oldrel-macos-arm64, r-oldrel-macos-x86_64, r-oldrel-windows-x86_64