CRAN Package Check Results for Package BinaryEMVS

Last updated on 2025-02-11 19:48:50 CET.

Flavor Version Tinstall Tcheck Ttotal Status Flags
r-devel-linux-x86_64-debian-clang 0.1 1.64 33.71 35.35 OK
r-devel-linux-x86_64-debian-gcc 0.1 1.51 23.97 25.48 OK
r-devel-linux-x86_64-fedora-clang 0.1 60.47 OK
r-devel-linux-x86_64-fedora-gcc 0.1 57.99 OK
r-devel-windows-x86_64 0.1 3.00 57.00 60.00 OK
r-patched-linux-x86_64 0.1 1.98 31.72 33.70 NOTE
r-release-linux-x86_64 0.1 1.60 31.76 33.36 NOTE
r-release-macos-arm64 0.1 26.00 NOTE
r-release-macos-x86_64 0.1 31.00 NOTE
r-release-windows-x86_64 0.1 3.00 56.00 59.00 NOTE
r-oldrel-macos-arm64 0.1 22.00 NOTE
r-oldrel-macos-x86_64 0.1 34.00 NOTE
r-oldrel-windows-x86_64 0.1 3.00 62.00 65.00 NOTE

Check Details

Version: 0.1
Check: LazyData
Result: NOTE 'LazyData' is specified without a 'data' directory Flavors: r-patched-linux-x86_64, r-release-linux-x86_64, r-release-macos-arm64, r-release-macos-x86_64, r-release-windows-x86_64, r-oldrel-macos-arm64, r-oldrel-macos-x86_64, r-oldrel-windows-x86_64