Last updated on 2025-05-13 19:52:27 CEST.
Flavor | Version | Tinstall | Tcheck | Ttotal | Status | Flags |
---|---|---|---|---|---|---|
r-devel-linux-x86_64-debian-clang | 0.1 | 1.90 | 34.70 | 36.60 | OK | |
r-devel-linux-x86_64-debian-gcc | 0.1 | 1.50 | 23.06 | 24.56 | OK | |
r-devel-linux-x86_64-fedora-clang | 0.1 | 58.26 | OK | |||
r-devel-linux-x86_64-fedora-gcc | 0.1 | 62.95 | OK | |||
r-devel-windows-x86_64 | 0.1 | 3.00 | 57.00 | 60.00 | OK | |
r-patched-linux-x86_64 | 0.1 | 1.86 | 33.28 | 35.14 | OK | |
r-release-linux-x86_64 | 0.1 | 1.93 | 33.13 | 35.06 | OK | |
r-release-macos-arm64 | 0.1 | 20.00 | OK | |||
r-release-macos-x86_64 | 0.1 | 60.00 | OK | |||
r-release-windows-x86_64 | 0.1 | 4.00 | 63.00 | 67.00 | OK | |
r-oldrel-macos-arm64 | 0.1 | 26.00 | NOTE | |||
r-oldrel-macos-x86_64 | 0.1 | 31.00 | NOTE | |||
r-oldrel-windows-x86_64 | 0.1 | 3.00 | 56.00 | 59.00 | NOTE |
Version: 0.1
Check: LazyData
Result: NOTE
'LazyData' is specified without a 'data' directory
Flavors: r-oldrel-macos-arm64, r-oldrel-macos-x86_64, r-oldrel-windows-x86_64