Last updated on 2025-05-13 19:52:27 CEST.
Flavor | Version | Tinstall | Tcheck | Ttotal | Status | Flags |
---|---|---|---|---|---|---|
r-devel-linux-x86_64-debian-clang | 1.0.0 | 4.89 | 43.09 | 47.98 | NOTE | |
r-devel-linux-x86_64-debian-gcc | 1.0.0 | 3.45 | 33.29 | 36.74 | NOTE | |
r-devel-linux-x86_64-fedora-clang | 1.0.0 | 76.73 | OK | |||
r-devel-linux-x86_64-fedora-gcc | 1.0.0 | 90.64 | OK | |||
r-devel-windows-x86_64 | 1.0.0 | 6.00 | 79.00 | 85.00 | OK | |
r-patched-linux-x86_64 | 1.0.0 | 3.84 | 41.98 | 45.82 | OK | |
r-release-linux-x86_64 | 1.0.0 | 4.72 | 42.05 | 46.77 | OK | |
r-release-macos-arm64 | 1.0.0 | 47.00 | OK | |||
r-release-macos-x86_64 | 1.0.0 | 70.00 | OK | |||
r-release-windows-x86_64 | 1.0.0 | 6.00 | 81.00 | 87.00 | OK | |
r-oldrel-macos-arm64 | 1.0.0 | 35.00 | OK | |||
r-oldrel-macos-x86_64 | 1.0.0 | 55.00 | OK | |||
r-oldrel-windows-x86_64 | 1.0.0 | 8.00 | 85.00 | 93.00 | OK |
Version: 1.0.0
Check: CRAN incoming feasibility
Result: NOTE
Maintainer: ‘Levi McClenny <levimcclenny@tamu.edu>’
No Authors@R field in DESCRIPTION.
Please add one, modifying
Authors@R: c(person(given = "Levi",
family = "McClenny",
role = c("aut", "cre"),
email = "levimcclenny@tamu.edu"),
person(given = "Mahdi",
family = "Imani",
role = "aut"),
person(given = "Ulisses",
family = "Braga-Neto",
role = "aut"))
as necessary.
Flavors: r-devel-linux-x86_64-debian-clang, r-devel-linux-x86_64-debian-gcc