Last updated on 2024-12-18 19:49:10 CET.
Flavor | Version | Tinstall | Tcheck | Ttotal | Status | Flags |
---|---|---|---|---|---|---|
r-devel-linux-x86_64-debian-clang | 0.1.0 | 27.97 | 249.74 | 277.71 | OK | |
r-devel-linux-x86_64-debian-gcc | 0.1.0 | 19.42 | 154.70 | 174.12 | OK | |
r-devel-linux-x86_64-fedora-clang | 0.1.0 | 457.21 | OK | |||
r-devel-linux-x86_64-fedora-gcc | 0.1.0 | 417.45 | OK | |||
r-devel-windows-x86_64 | 0.1.0 | 36.00 | 193.00 | 229.00 | OK | |
r-patched-linux-x86_64 | 0.1.0 | 29.63 | 230.17 | 259.80 | OK | |
r-release-linux-x86_64 | 0.1.0 | 29.63 | 232.45 | 262.08 | OK | |
r-release-macos-arm64 | 0.1.0 | 96.00 | NOTE | |||
r-release-macos-x86_64 | 0.1.0 | 154.00 | NOTE | |||
r-release-windows-x86_64 | 0.1.0 | 36.00 | 193.00 | 229.00 | NOTE | |
r-oldrel-macos-arm64 | 0.1.0 | 101.00 | NOTE | |||
r-oldrel-macos-x86_64 | 0.1.0 | 272.00 | NOTE | |||
r-oldrel-windows-x86_64 | 0.1.0 | 45.00 | 277.00 | 322.00 | NOTE |
Version: 0.1.0
Check: installed package size
Result: NOTE
installed size is 48.6Mb
sub-directories of 1Mb or more:
extdata 48.5Mb
Flavors: r-release-macos-arm64, r-release-macos-x86_64, r-release-windows-x86_64, r-oldrel-macos-arm64, r-oldrel-macos-x86_64, r-oldrel-windows-x86_64