Last updated on 2025-05-17 08:49:34 CEST.
Flavor | Version | Tinstall | Tcheck | Ttotal | Status | Flags |
---|---|---|---|---|---|---|
r-devel-linux-x86_64-debian-clang | 1.3.8 | 20.46 | 113.50 | 133.96 | NOTE | |
r-devel-linux-x86_64-debian-gcc | 1.3.8 | 13.75 | 80.98 | 94.73 | NOTE | |
r-devel-linux-x86_64-fedora-clang | 1.3.8 | 215.81 | OK | |||
r-devel-linux-x86_64-fedora-gcc | 1.3.8 | 209.34 | OK | |||
r-devel-windows-x86_64 | 1.3.8 | 24.00 | 116.00 | 140.00 | OK | |
r-patched-linux-x86_64 | 1.3.8 | 18.64 | 107.12 | 125.76 | OK | |
r-release-linux-x86_64 | 1.3.8 | 16.78 | 105.83 | 122.61 | OK | |
r-release-macos-arm64 | 1.3.8 | 57.00 | OK | |||
r-release-macos-x86_64 | 1.3.8 | 126.00 | OK | |||
r-release-windows-x86_64 | 1.3.8 | 24.00 | 115.00 | 139.00 | OK | |
r-oldrel-macos-arm64 | 1.3.8 | 56.00 | OK | |||
r-oldrel-macos-x86_64 | 1.3.8 | 112.00 | OK | |||
r-oldrel-windows-x86_64 | 1.3.8 | 29.00 | 144.00 | 173.00 | OK |
Version: 1.3.8
Check: CRAN incoming feasibility
Result: NOTE
Maintainer: ‘Angelo Mazza <a.mazza@unict.it>’
No Authors@R field in DESCRIPTION.
Please add one, modifying
Authors@R: c(person(given = "Antonio",
family = "Punzo",
role = "aut"),
person(given = "Angelo",
family = "Mazza",
role = c("aut", "cre"),
email = "a.mazza@unict.it"),
person(given = c("Paul", "D."),
family = "McNicholas",
role = "aut"))
as necessary.
Flavors: r-devel-linux-x86_64-debian-clang, r-devel-linux-x86_64-debian-gcc