Last updated on 2025-05-13 19:52:29 CEST.
Flavor | Version | Tinstall | Tcheck | Ttotal | Status | Flags |
---|---|---|---|---|---|---|
r-devel-linux-x86_64-debian-clang | 0.1.2 | 4.48 | 50.91 | 55.39 | NOTE | |
r-devel-linux-x86_64-debian-gcc | 0.1.2 | 4.23 | 37.28 | 41.51 | NOTE | |
r-devel-linux-x86_64-fedora-clang | 0.1.2 | 93.34 | OK | |||
r-devel-linux-x86_64-fedora-gcc | 0.1.2 | 84.07 | OK | |||
r-devel-windows-x86_64 | 0.1.2 | 6.00 | 69.00 | 75.00 | OK | |
r-patched-linux-x86_64 | 0.1.2 | 5.29 | 48.19 | 53.48 | OK | |
r-release-linux-x86_64 | 0.1.2 | 4.22 | 48.57 | 52.79 | OK | |
r-release-macos-arm64 | 0.1.2 | 29.00 | OK | |||
r-release-macos-x86_64 | 0.1.2 | 48.00 | OK | |||
r-release-windows-x86_64 | 0.1.2 | 7.00 | 70.00 | 77.00 | OK | |
r-oldrel-macos-arm64 | 0.1.2 | 26.00 | OK | |||
r-oldrel-macos-x86_64 | 0.1.2 | 40.00 | OK | |||
r-oldrel-windows-x86_64 | 0.1.2 | 8.00 | 80.00 | 88.00 | OK |
Version: 0.1.2
Check: CRAN incoming feasibility
Result: NOTE
Maintainer: ‘Maria Dolores Martinez-Miranda <mmiranda@ugr.es>’
No Authors@R field in DESCRIPTION.
Please add one, modifying
Authors@R: c(person(given = c("Maria", "Dolores"),
family = "Martinez-Miranda",
role = c("aut", "cre"),
email = "mmiranda@ugr.es"),
person(given = c("Jens", "Perch"),
family = "Nielsen",
role = "aut"),
person(given = "Richard",
family = "Verrall",
role = "aut"))
as necessary.
Flavors: r-devel-linux-x86_64-debian-clang, r-devel-linux-x86_64-debian-gcc