Last updated on 2025-02-07 08:51:12 CET.
Flavor | Version | Tinstall | Tcheck | Ttotal | Status | Flags |
---|---|---|---|---|---|---|
r-devel-linux-x86_64-debian-clang | 1.3.0 | 4.38 | 39.92 | 44.30 | NOTE | |
r-devel-linux-x86_64-debian-gcc | 1.3.0 | 3.31 | 28.50 | 31.81 | NOTE | |
r-devel-linux-x86_64-fedora-clang | 1.3.0 | 75.34 | NOTE | |||
r-devel-linux-x86_64-fedora-gcc | 1.3.0 | 68.57 | NOTE | |||
r-devel-windows-x86_64 | 1.3.0 | 8.00 | 58.00 | 66.00 | NOTE | |
r-patched-linux-x86_64 | 1.3.0 | 4.88 | 37.33 | 42.21 | NOTE | |
r-release-linux-x86_64 | 1.3.0 | 4.10 | 36.99 | 41.09 | NOTE | |
r-release-macos-arm64 | 1.3.0 | 22.00 | NOTE | |||
r-release-macos-x86_64 | 1.3.0 | 35.00 | NOTE | |||
r-release-windows-x86_64 | 1.3.0 | 7.00 | 58.00 | 65.00 | NOTE | |
r-oldrel-macos-arm64 | 1.3.0 | 24.00 | OK | |||
r-oldrel-macos-x86_64 | 1.3.0 | 37.00 | OK | |||
r-oldrel-windows-x86_64 | 1.3.0 | 7.00 | 66.00 | 73.00 | OK |
Version: 1.3.0
Check: Rd files
Result: NOTE
checkRd: (-1) DIME.Rd:272: Lost braces; missing escapes or markup?
272 | \item{name}{the name of the model {"GNG", "iNUDGE","NUDGE"} where
| ^
Flavors: r-devel-linux-x86_64-debian-clang, r-devel-linux-x86_64-debian-gcc, r-devel-linux-x86_64-fedora-clang, r-devel-linux-x86_64-fedora-gcc, r-devel-windows-x86_64, r-patched-linux-x86_64, r-release-linux-x86_64, r-release-macos-arm64, r-release-macos-x86_64, r-release-windows-x86_64