Last updated on 2025-05-13 08:50:08 CEST.
Flavor | Version | Tinstall | Tcheck | Ttotal | Status | Flags |
---|---|---|---|---|---|---|
r-devel-linux-x86_64-debian-clang | 0.1.5 | 58.52 | 466.90 | 525.42 | OK | |
r-devel-linux-x86_64-debian-gcc | 0.1.5 | 42.18 | 338.38 | 380.56 | OK | |
r-devel-linux-x86_64-fedora-clang | 0.1.5 | 896.62 | OK | |||
r-devel-linux-x86_64-fedora-gcc | 0.1.5 | 893.02 | OK | |||
r-devel-windows-x86_64 | 0.1.5 | 57.00 | 387.00 | 444.00 | OK | |
r-patched-linux-x86_64 | 0.1.5 | 56.97 | 434.86 | 491.83 | OK | |
r-release-linux-x86_64 | 0.1.5 | 54.11 | 438.60 | 492.71 | OK | |
r-release-macos-arm64 | 0.1.5 | 216.00 | OK | |||
r-release-macos-x86_64 | 0.1.5 | 417.00 | OK | |||
r-release-windows-x86_64 | 0.1.5 | 15.00 | 5.00 | 20.00 | ERROR | |
r-oldrel-macos-arm64 | 0.1.5 | 182.00 | NOTE | |||
r-oldrel-macos-x86_64 | 0.1.5 | 326.00 | NOTE | |||
r-oldrel-windows-x86_64 | 0.1.5 | 77.00 | 495.00 | 572.00 | OK |
Version: 0.1.5
Check: whether package can be installed
Result: ERROR
Installation failed.
Flavor: r-release-windows-x86_64
Version: 0.1.5
Check: installed package size
Result: NOTE
installed size is 5.6Mb
sub-directories of 1Mb or more:
data 5.4Mb
Flavors: r-oldrel-macos-arm64, r-oldrel-macos-x86_64