CRAN Package Check Results for Package DT

Last updated on 2025-05-17 08:49:36 CEST.

Flavor Version Tinstall Tcheck Ttotal Status Flags
r-devel-linux-x86_64-debian-clang 0.33 4.86 38.91 43.77 NOTE
r-devel-linux-x86_64-debian-gcc 0.33 3.37 29.55 32.92 NOTE
r-devel-linux-x86_64-fedora-clang 0.33 73.25 OK
r-devel-linux-x86_64-fedora-gcc 0.33 77.74 OK
r-devel-windows-x86_64 0.33 10.00 60.00 70.00 NOTE
r-patched-linux-x86_64 0.33 5.40 36.78 42.18 NOTE
r-release-linux-x86_64 0.33 5.08 37.02 42.10 NOTE
r-release-macos-arm64 0.33 49.00 OK
r-release-macos-x86_64 0.33 58.00 OK
r-release-windows-x86_64 0.33 9.00 61.00 70.00 NOTE
r-oldrel-macos-arm64 0.33 34.00 NOTE
r-oldrel-macos-x86_64 0.33 52.00 NOTE
r-oldrel-windows-x86_64 0.33 10.00 70.00 80.00 NOTE

Check Details

Version: 0.33
Check: Rd cross-references
Result: NOTE Found the following Rd file(s) with Rd \link{} targets missing package anchors: dataTableOutput.Rd: shinyWidgetOutput Please provide package anchors for all Rd \link{} targets not in the package itself and the base packages. Flavors: r-devel-linux-x86_64-debian-clang, r-devel-linux-x86_64-debian-gcc, r-devel-windows-x86_64, r-patched-linux-x86_64, r-release-linux-x86_64, r-release-windows-x86_64

Version: 0.33
Check: installed package size
Result: NOTE installed size is 6.3Mb sub-directories of 1Mb or more: htmlwidgets 5.5Mb Flavors: r-oldrel-macos-arm64, r-oldrel-macos-x86_64, r-oldrel-windows-x86_64