CRAN Package Check Results for Package DyMEP

Last updated on 2025-05-13 19:52:31 CEST.

Flavor Version Tinstall Tcheck Ttotal Status Flags
r-devel-linux-x86_64-debian-clang 0.1.2 3.69 41.82 45.51 NOTE
r-devel-linux-x86_64-debian-gcc 0.1.2 2.48 30.15 32.63 NOTE
r-devel-linux-x86_64-fedora-clang 0.1.2 70.90 OK
r-devel-linux-x86_64-fedora-gcc 0.1.2 65.53 OK
r-devel-windows-x86_64 0.1.2 6.00 60.00 66.00 OK
r-patched-linux-x86_64 0.1.2 3.15 37.86 41.01 OK
r-release-linux-x86_64 0.1.2 3.27 38.33 41.60 OK
r-release-macos-arm64 0.1.2 24.00 OK
r-release-macos-x86_64 0.1.2 40.00 OK
r-release-windows-x86_64 0.1.2 7.00 63.00 70.00 OK
r-oldrel-macos-arm64 0.1.2 35.00 NOTE
r-oldrel-macos-x86_64 0.1.2 35.00 NOTE
r-oldrel-windows-x86_64 0.1.2 8.00 69.00 77.00 NOTE

Check Details

Version: 0.1.2
Check: CRAN incoming feasibility
Result: NOTE Maintainer: ‘Flavian Tschurr <flavian.tschurr@usys.ethz.ch>’ No Authors@R field in DESCRIPTION. Please add one, modifying Authors@R: person(given = "Flavian", family = "Tschurr", role = c("aut", "cre"), email = "flavian.tschurr@usys.ethz.ch") as necessary. Flavors: r-devel-linux-x86_64-debian-clang, r-devel-linux-x86_64-debian-gcc

Version: 0.1.2
Check: installed package size
Result: NOTE installed size is 5.8Mb sub-directories of 1Mb or more: extdata 5.6Mb Flavors: r-oldrel-macos-arm64, r-oldrel-macos-x86_64, r-oldrel-windows-x86_64