Last updated on 2025-02-21 08:52:32 CET.
Flavor | Version | Tinstall | Tcheck | Ttotal | Status | Flags |
---|---|---|---|---|---|---|
r-devel-linux-x86_64-debian-clang | 1.2.2 | 19.21 | 91.29 | 110.50 | NOTE | |
r-devel-linux-x86_64-debian-gcc | 1.2.2 | 12.00 | 57.61 | 69.61 | NOTE | |
r-devel-linux-x86_64-fedora-clang | 1.2.2 | 183.10 | NOTE | |||
r-devel-linux-x86_64-fedora-gcc | 1.2.2 | 180.89 | NOTE | |||
r-devel-macos-arm64 | 1.2.2 | 41.00 | NOTE | |||
r-devel-macos-x86_64 | 1.2.2 | 115.00 | NOTE | |||
r-devel-windows-x86_64 | 1.2.2 | 18.00 | 102.00 | 120.00 | NOTE | |
r-patched-linux-x86_64 | 1.2.2 | 18.87 | 88.42 | 107.29 | NOTE | |
r-release-linux-x86_64 | 1.2.2 | 17.29 | 86.12 | 103.41 | NOTE | |
r-release-macos-arm64 | 1.2.2 | 40.00 | NOTE | |||
r-release-macos-x86_64 | 1.2.2 | 127.00 | NOTE | |||
r-release-windows-x86_64 | 1.2.2 | 18.00 | 95.00 | 113.00 | NOTE | |
r-oldrel-macos-arm64 | 1.2.2 | 48.00 | OK | |||
r-oldrel-macos-x86_64 | 1.2.2 | 79.00 | OK | |||
r-oldrel-windows-x86_64 | 1.2.2 | 22.00 | 120.00 | 142.00 | OK |
Version: 1.2.2
Check: Rd files
Result: NOTE
checkRd: (-1) ccF.Rd:41: Lost braces
41 | CALI\'{N}SKI, T.; CORSTEN, L. C. A. Clustering
| ^
Flavors: r-devel-linux-x86_64-debian-clang, r-devel-linux-x86_64-debian-gcc, r-devel-linux-x86_64-fedora-clang, r-devel-linux-x86_64-fedora-gcc, r-devel-macos-arm64, r-devel-macos-x86_64, r-devel-windows-x86_64, r-patched-linux-x86_64, r-release-linux-x86_64, r-release-macos-arm64, r-release-macos-x86_64, r-release-windows-x86_64