Last updated on 2025-05-13 19:52:32 CEST.
Flavor | Version | Tinstall | Tcheck | Ttotal | Status | Flags |
---|---|---|---|---|---|---|
r-devel-linux-x86_64-debian-clang | 1.3.2.0 | 26.12 | 21.85 | 47.97 | OK | |
r-devel-linux-x86_64-debian-gcc | 1.3.2.0 | 20.83 | 17.82 | 38.65 | OK | |
r-devel-linux-x86_64-fedora-clang | 1.3.2.0 | 73.54 | OK | |||
r-devel-linux-x86_64-fedora-gcc | 1.3.2.0 | 72.14 | OK | |||
r-devel-windows-x86_64 | 1.3.2.0 | 26.00 | 42.00 | 68.00 | OK | |
r-patched-linux-x86_64 | 1.3.2.0 | 25.70 | 21.17 | 46.87 | OK | |
r-release-linux-x86_64 | 1.3.2.0 | 25.60 | 21.02 | 46.62 | OK | |
r-release-macos-arm64 | 1.3.2.0 | 31.00 | OK | |||
r-release-macos-x86_64 | 1.3.2.0 | 54.00 | OK | |||
r-release-windows-x86_64 | 1.3.2.0 | 24.00 | 42.00 | 66.00 | OK | |
r-oldrel-macos-arm64 | 1.3.2.0 | 36.00 | NOTE | |||
r-oldrel-macos-x86_64 | 1.3.2.0 | 51.00 | NOTE | |||
r-oldrel-windows-x86_64 | 1.3.2.0 | 27.00 | 43.00 | 70.00 | OK |
Version: 1.3.2.0
Check: installed package size
Result: NOTE
installed size is 5.9Mb
sub-directories of 1Mb or more:
data 5.8Mb
Flavors: r-oldrel-macos-arm64, r-oldrel-macos-x86_64