Last updated on 2025-05-13 19:52:32 CEST.
Flavor | Version | Tinstall | Tcheck | Ttotal | Status | Flags |
---|---|---|---|---|---|---|
r-devel-linux-x86_64-debian-clang | 1.0 | 1.62 | 17.66 | 19.28 | NOTE | |
r-devel-linux-x86_64-debian-gcc | 1.0 | 1.29 | 14.46 | 15.75 | NOTE | |
r-devel-linux-x86_64-fedora-clang | 1.0 | 30.32 | NOTE | |||
r-devel-linux-x86_64-fedora-gcc | 1.0 | 28.51 | NOTE | |||
r-devel-windows-x86_64 | 1.0 | 3.00 | 40.00 | 43.00 | NOTE | |
r-patched-linux-x86_64 | 1.0 | 1.64 | 17.11 | 18.75 | NOTE | |
r-release-linux-x86_64 | 1.0 | 1.63 | 17.06 | 18.69 | NOTE | |
r-release-macos-arm64 | 1.0 | 14.00 | NOTE | |||
r-release-macos-x86_64 | 1.0 | 22.00 | NOTE | |||
r-release-windows-x86_64 | 1.0 | 4.00 | 41.00 | 45.00 | NOTE | |
r-oldrel-macos-arm64 | 1.0 | 14.00 | NOTE | |||
r-oldrel-macos-x86_64 | 1.0 | 19.00 | NOTE | |||
r-oldrel-windows-x86_64 | 1.0 | 2.00 | 36.00 | 38.00 | NOTE |
Version: 1.0
Check: CRAN incoming feasibility
Result: NOTE
Maintainer: ‘David V. Dias <dvdscripter@gmail.com>’
Found the following (possibly) invalid file URI:
URI: www.eucalyptus.com.br/capitulos/ENG07.pdf
From: man/sf.Rd
Flavors: r-devel-linux-x86_64-debian-clang, r-devel-linux-x86_64-debian-gcc
Version: 1.0
Check: DESCRIPTION meta-information
Result: NOTE
Malformed Description field: should contain one or more complete sentences.
Flavors: r-devel-linux-x86_64-debian-clang, r-devel-linux-x86_64-debian-gcc, r-devel-linux-x86_64-fedora-clang, r-devel-linux-x86_64-fedora-gcc, r-devel-windows-x86_64, r-patched-linux-x86_64, r-release-linux-x86_64, r-release-macos-arm64, r-release-macos-x86_64, r-release-windows-x86_64, r-oldrel-macos-arm64, r-oldrel-macos-x86_64, r-oldrel-windows-x86_64