Last updated on 2025-02-24 19:50:33 CET.
Flavor | Version | Tinstall | Tcheck | Ttotal | Status | Flags |
---|---|---|---|---|---|---|
r-devel-linux-x86_64-debian-clang | 1.1.2 | 6.01 | 61.30 | 67.31 | OK | |
r-devel-linux-x86_64-debian-gcc | 1.1.2 | 5.21 | 46.03 | 51.24 | OK | |
r-devel-linux-x86_64-fedora-clang | 1.1.2 | 104.96 | OK | |||
r-devel-linux-x86_64-fedora-gcc | 1.1.2 | 103.44 | OK | |||
r-devel-macos-arm64 | 1.1.2 | 32.00 | OK | |||
r-devel-macos-x86_64 | 1.1.2 | 66.00 | OK | |||
r-devel-windows-x86_64 | 1.1.2 | 7.00 | 78.00 | 85.00 | OK | |
r-patched-linux-x86_64 | 1.1.2 | 5.99 | 57.40 | 63.39 | NOTE | |
r-release-linux-x86_64 | 1.1.2 | 6.77 | 57.32 | 64.09 | NOTE | |
r-release-macos-arm64 | 1.1.2 | 32.00 | NOTE | |||
r-release-macos-x86_64 | 1.1.2 | 67.00 | NOTE | |||
r-release-windows-x86_64 | 1.1.2 | 8.00 | 78.00 | 86.00 | NOTE | |
r-oldrel-macos-arm64 | 1.1.2 | 37.00 | NOTE | |||
r-oldrel-macos-x86_64 | 1.1.2 | 58.00 | NOTE | |||
r-oldrel-windows-x86_64 | 1.1.2 | 10.00 | 93.00 | 103.00 | NOTE |
Version: 1.1.2
Check: LazyData
Result: NOTE
'LazyData' is specified without a 'data' directory
Flavors: r-patched-linux-x86_64, r-release-linux-x86_64, r-release-macos-arm64, r-release-macos-x86_64, r-release-windows-x86_64, r-oldrel-macos-arm64, r-oldrel-macos-x86_64, r-oldrel-windows-x86_64