Last updated on 2025-02-07 08:51:21 CET.
Flavor | Version | Tinstall | Tcheck | Ttotal | Status | Flags |
---|---|---|---|---|---|---|
r-devel-linux-x86_64-debian-clang | 1.0 | 1.86 | 20.10 | 21.96 | NOTE | |
r-devel-linux-x86_64-debian-gcc | 1.0 | 1.74 | 16.48 | 18.22 | NOTE | |
r-devel-linux-x86_64-fedora-clang | 1.0 | 35.30 | NOTE | |||
r-devel-linux-x86_64-fedora-gcc | 1.0 | 33.63 | NOTE | |||
r-devel-windows-x86_64 | 1.0 | 3.00 | 43.00 | 46.00 | NOTE | |
r-patched-linux-x86_64 | 1.0 | 2.35 | 19.38 | 21.73 | NOTE | |
r-release-linux-x86_64 | 1.0 | 1.90 | 19.26 | 21.16 | NOTE | |
r-release-macos-arm64 | 1.0 | 16.00 | NOTE | |||
r-release-macos-x86_64 | 1.0 | 24.00 | NOTE | |||
r-release-windows-x86_64 | 1.0 | 3.00 | 45.00 | 48.00 | NOTE | |
r-oldrel-macos-arm64 | 1.0 | 17.00 | NOTE | |||
r-oldrel-macos-x86_64 | 1.0 | 20.00 | NOTE | |||
r-oldrel-windows-x86_64 | 1.0 | 4.00 | 49.00 | 53.00 | NOTE |
Version: 1.0
Check: DESCRIPTION meta-information
Result: NOTE
Malformed Description field: should contain one or more complete sentences.
Flavors: r-devel-linux-x86_64-debian-clang, r-devel-linux-x86_64-debian-gcc, r-devel-linux-x86_64-fedora-clang, r-devel-linux-x86_64-fedora-gcc, r-devel-windows-x86_64, r-patched-linux-x86_64, r-release-linux-x86_64, r-release-macos-arm64, r-release-macos-x86_64, r-release-windows-x86_64, r-oldrel-macos-arm64, r-oldrel-macos-x86_64, r-oldrel-windows-x86_64