CRAN Package Check Results for Package FSK2R

Last updated on 2025-05-18 19:50:22 CEST.

Flavor Version Tinstall Tcheck Ttotal Status Flags
r-devel-linux-x86_64-debian-clang 0.1.3 7.87 73.67 81.54 NOTE
r-devel-linux-x86_64-debian-gcc 0.1.3 5.53 51.79 57.32 NOTE
r-devel-linux-x86_64-fedora-clang 0.1.3 133.35 OK
r-devel-linux-x86_64-fedora-gcc 0.1.3 139.88 OK
r-devel-windows-x86_64 0.1.3 9.00 112.00 121.00 OK
r-patched-linux-x86_64 0.1.3 7.44 66.90 74.34 OK
r-release-linux-x86_64 0.1.3 8.65 67.22 75.87 OK
r-release-macos-arm64 0.1.3 80.00 OK
r-release-macos-x86_64 0.1.3 87.00 OK
r-release-windows-x86_64 0.1.3 11.00 95.00 106.00 OK
r-oldrel-macos-arm64 0.1.3 45.00 OK
r-oldrel-macos-x86_64 0.1.3 123.00 OK
r-oldrel-windows-x86_64 0.1.3 11.00 111.00 122.00 OK

Check Details

Version: 0.1.3
Check: CRAN incoming feasibility
Result: NOTE Maintainer: ‘Alberto Garre <garre.alberto@gmail.com>’ Package CITATION file contains call(s) to old-style citEntry(). Please use bibentry() instead. Flavors: r-devel-linux-x86_64-debian-clang, r-devel-linux-x86_64-debian-gcc