Last updated on 2025-02-07 08:51:20 CET.
Flavor | Version | Tinstall | Tcheck | Ttotal | Status | Flags |
---|---|---|---|---|---|---|
r-devel-linux-x86_64-debian-clang | 0.9.5 | 11.38 | 78.14 | 89.52 | NOTE | |
r-devel-linux-x86_64-debian-gcc | 0.9.5 | 8.86 | 56.07 | 64.93 | NOTE | |
r-devel-linux-x86_64-fedora-clang | 0.9.5 | 146.43 | NOTE | |||
r-devel-linux-x86_64-fedora-gcc | 0.9.5 | 136.09 | NOTE | |||
r-devel-windows-x86_64 | 0.9.5 | 10.00 | 93.00 | 103.00 | NOTE | |
r-patched-linux-x86_64 | 0.9.5 | 11.01 | 71.74 | 82.75 | NOTE | |
r-release-linux-x86_64 | 0.9.5 | 10.80 | 70.92 | 81.72 | NOTE | |
r-release-macos-arm64 | 0.9.5 | 61.00 | NOTE | |||
r-release-macos-x86_64 | 0.9.5 | 137.00 | NOTE | |||
r-release-windows-x86_64 | 0.9.5 | 11.00 | 89.00 | 100.00 | NOTE | |
r-oldrel-macos-arm64 | 0.9.5 | 42.00 | NOTE | |||
r-oldrel-macos-x86_64 | 0.9.5 | 76.00 | NOTE | |||
r-oldrel-windows-x86_64 | 0.9.5 | 12.00 | 108.00 | 120.00 | NOTE |
Version: 0.9.5
Check: Rd files
Result: NOTE
checkRd: (-1) contemParametros.Rd:19: Lost braces
19 | \item{exclui3pontos}{verify por ... ? in f<-function(a, ...){ }}
| ^
Flavors: r-devel-linux-x86_64-debian-clang, r-devel-linux-x86_64-debian-gcc, r-devel-linux-x86_64-fedora-clang, r-devel-linux-x86_64-fedora-gcc, r-devel-windows-x86_64, r-patched-linux-x86_64, r-release-linux-x86_64, r-release-macos-arm64, r-release-macos-x86_64, r-release-windows-x86_64
Version: 0.9.5
Check: LazyData
Result: NOTE
'LazyData' is specified without a 'data' directory
Flavors: r-patched-linux-x86_64, r-release-linux-x86_64, r-release-macos-arm64, r-release-macos-x86_64, r-release-windows-x86_64, r-oldrel-macos-arm64, r-oldrel-macos-x86_64, r-oldrel-windows-x86_64