Last updated on 2025-02-07 08:51:22 CET.
Flavor | Version | Tinstall | Tcheck | Ttotal | Status | Flags |
---|---|---|---|---|---|---|
r-devel-linux-x86_64-debian-clang | 0.1.2 | 1.61 | 15.93 | 17.54 | OK | |
r-devel-linux-x86_64-debian-gcc | 0.1.2 | 1.31 | 13.48 | 14.79 | OK | |
r-devel-linux-x86_64-fedora-clang | 0.1.2 | 28.46 | OK | |||
r-devel-linux-x86_64-fedora-gcc | 0.1.2 | 26.62 | OK | |||
r-devel-windows-x86_64 | 0.1.2 | 3.00 | 37.00 | 40.00 | OK | |
r-patched-linux-x86_64 | 0.1.2 | 1.59 | 15.14 | 16.73 | NOTE | |
r-release-linux-x86_64 | 0.1.2 | 1.48 | 15.34 | 16.82 | NOTE | |
r-release-macos-arm64 | 0.1.2 | 14.00 | NOTE | |||
r-release-macos-x86_64 | 0.1.2 | 22.00 | NOTE | |||
r-release-windows-x86_64 | 0.1.2 | 2.00 | 37.00 | 39.00 | NOTE | |
r-oldrel-macos-arm64 | 0.1.2 | 16.00 | NOTE | |||
r-oldrel-macos-x86_64 | 0.1.2 | 20.00 | NOTE | |||
r-oldrel-windows-x86_64 | 0.1.2 | 3.00 | 36.00 | 39.00 | NOTE |
Version: 0.1.2
Check: LazyData
Result: NOTE
'LazyData' is specified without a 'data' directory
Flavors: r-patched-linux-x86_64, r-release-linux-x86_64, r-release-macos-arm64, r-release-macos-x86_64, r-release-windows-x86_64, r-oldrel-macos-arm64, r-oldrel-macos-x86_64, r-oldrel-windows-x86_64