Last updated on 2025-02-24 19:50:35 CET.
Flavor | Version | Tinstall | Tcheck | Ttotal | Status | Flags |
---|---|---|---|---|---|---|
r-devel-linux-x86_64-debian-clang | 0.1.0 | 6.64 | 59.96 | 66.60 | OK | |
r-devel-linux-x86_64-debian-gcc | 0.1.0 | 5.04 | 45.40 | 50.44 | ERROR | |
r-devel-linux-x86_64-fedora-clang | 0.1.0 | 116.98 | OK | |||
r-devel-linux-x86_64-fedora-gcc | 0.1.0 | 118.78 | OK | |||
r-devel-macos-arm64 | 0.1.0 | 37.00 | OK | |||
r-devel-macos-x86_64 | 0.1.0 | 78.00 | OK | |||
r-devel-windows-x86_64 | 0.1.0 | 8.00 | 75.00 | 83.00 | OK | |
r-patched-linux-x86_64 | 0.1.0 | 6.06 | 56.14 | 62.20 | OK | |
r-release-linux-x86_64 | 0.1.0 | 6.61 | 56.95 | 63.56 | OK | |
r-release-macos-arm64 | 0.1.0 | 39.00 | OK | |||
r-release-macos-x86_64 | 0.1.0 | 59.00 | OK | |||
r-release-windows-x86_64 | 0.1.0 | 8.00 | 70.00 | 78.00 | OK | |
r-oldrel-macos-arm64 | 0.1.0 | 43.00 | OK | |||
r-oldrel-macos-x86_64 | 0.1.0 | 87.00 | OK | |||
r-oldrel-windows-x86_64 | 0.1.0 | 10.00 | 85.00 | 95.00 | OK |
Version: 0.1.0
Check: re-building of vignette outputs
Result: ERROR
Error(s) in re-building vignettes:
...
--- re-building ‘GWRLASSO.Rmd’ using rmarkdown
Quitting from lines 18-55 [unnamed-chunk-1] (GWRLASSO.Rmd)
Error: processing vignette 'GWRLASSO.Rmd' failed with diagnostics:
system is computationally singular: reciprocal condition number = 4.05787e-19
--- failed re-building ‘GWRLASSO.Rmd’
SUMMARY: processing the following file failed:
‘GWRLASSO.Rmd’
Error: Vignette re-building failed.
Execution halted
Flavor: r-devel-linux-x86_64-debian-gcc