Last updated on 2025-05-18 08:50:18 CEST.
Flavor | Version | Tinstall | Tcheck | Ttotal | Status | Flags |
---|---|---|---|---|---|---|
r-devel-linux-x86_64-debian-clang | 1.0.1 | 1.95 | 28.25 | 30.20 | NOTE | |
r-devel-linux-x86_64-debian-gcc | 1.0.1 | 1.52 | 23.27 | 24.79 | NOTE | |
r-devel-linux-x86_64-fedora-clang | 1.0.1 | 47.22 | OK | |||
r-devel-linux-x86_64-fedora-gcc | 1.0.1 | 58.83 | OK | |||
r-devel-windows-x86_64 | 1.0.1 | 4.00 | 64.00 | 68.00 | OK | |
r-patched-linux-x86_64 | 1.0.1 | 1.86 | 27.65 | 29.51 | OK | |
r-release-linux-x86_64 | 1.0.1 | 1.94 | 27.39 | 29.33 | OK | |
r-release-macos-arm64 | 1.0.1 | 26.00 | OK | |||
r-release-macos-x86_64 | 1.0.1 | 48.00 | OK | |||
r-release-windows-x86_64 | 1.0.1 | 3.00 | 75.00 | 78.00 | OK | |
r-oldrel-macos-arm64 | 1.0.1 | 23.00 | OK | |||
r-oldrel-macos-x86_64 | 1.0.1 | 37.00 | OK | |||
r-oldrel-windows-x86_64 | 1.0.1 | 3.00 | 67.00 | 70.00 | OK |
Version: 1.0.1
Check: CRAN incoming feasibility
Result: NOTE
Maintainer: ‘Andreas Dominik Cullmann <fvafrcu@mailbox.org>’
Found the following URLs which should use \doi (with the DOI name only):
File ‘HandTill2001-package.Rd’:
http://dx.doi.org/10.1023/A:1010920819831
File ‘auc-methods.Rd’:
http://dx.doi.org/10.1023/A:1010920819831
Flavors: r-devel-linux-x86_64-debian-clang, r-devel-linux-x86_64-debian-gcc