CRAN Package Check Results for Package HighestMedianRules

Last updated on 2025-02-07 08:51:23 CET.

Flavor Version Tinstall Tcheck Ttotal Status Flags
r-devel-linux-x86_64-debian-clang 1.0 1.97 17.37 19.34 OK
r-devel-linux-x86_64-debian-gcc 1.0 1.35 14.88 16.23 OK
r-devel-linux-x86_64-fedora-clang 1.0 32.24 OK
r-devel-linux-x86_64-fedora-gcc 1.0 29.92 OK
r-devel-windows-x86_64 1.0 3.00 40.00 43.00 OK
r-patched-linux-x86_64 1.0 1.62 16.63 18.25 NOTE
r-release-linux-x86_64 1.0 1.68 16.56 18.24 NOTE
r-release-macos-arm64 1.0 13.00 NOTE
r-release-macos-x86_64 1.0 19.00 NOTE
r-release-windows-x86_64 1.0 3.00 38.00 41.00 NOTE
r-oldrel-macos-arm64 1.0 18.00 NOTE
r-oldrel-macos-x86_64 1.0 28.00 NOTE
r-oldrel-windows-x86_64 1.0 3.00 38.00 41.00 NOTE

Check Details

Version: 1.0
Check: LazyData
Result: NOTE 'LazyData' is specified without a 'data' directory Flavors: r-patched-linux-x86_64, r-release-linux-x86_64, r-release-macos-arm64, r-release-macos-x86_64, r-release-windows-x86_64, r-oldrel-macos-arm64, r-oldrel-macos-x86_64, r-oldrel-windows-x86_64