CRAN Package Check Results for Package ICV

Last updated on 2025-02-07 08:51:24 CET.

Flavor Version Tinstall Tcheck Ttotal Status Flags
r-devel-linux-x86_64-debian-clang 1.0 1.89 18.86 20.75 OK
r-devel-linux-x86_64-debian-gcc 1.0 1.66 15.51 17.17 OK
r-devel-linux-x86_64-fedora-clang 1.0 34.62 OK
r-devel-linux-x86_64-fedora-gcc 1.0 32.87 OK
r-devel-windows-x86_64 1.0 3.00 39.00 42.00 OK
r-patched-linux-x86_64 1.0 2.15 18.00 20.15 NOTE
r-release-linux-x86_64 1.0 1.73 18.28 20.01 NOTE
r-release-macos-arm64 1.0 14.00 NOTE
r-release-macos-x86_64 1.0 22.00 NOTE
r-release-windows-x86_64 1.0 2.00 38.00 40.00 NOTE
r-oldrel-macos-arm64 1.0 14.00 NOTE
r-oldrel-macos-x86_64 1.0 19.00 NOTE
r-oldrel-windows-x86_64 1.0 3.00 39.00 42.00 NOTE

Check Details

Version: 1.0
Check: LazyData
Result: NOTE 'LazyData' is specified without a 'data' directory Flavors: r-patched-linux-x86_64, r-release-linux-x86_64, r-release-macos-arm64, r-release-macos-x86_64, r-release-windows-x86_64, r-oldrel-macos-arm64, r-oldrel-macos-x86_64, r-oldrel-windows-x86_64