Last updated on 2025-02-24 19:50:36 CET.
Flavor | Version | Tinstall | Tcheck | Ttotal | Status | Flags |
---|---|---|---|---|---|---|
r-devel-linux-x86_64-debian-clang | 0.3.1 | 5.12 | 50.90 | 56.02 | OK | |
r-devel-linux-x86_64-debian-gcc | 0.3.3 | 2.53 | 25.04 | 27.57 | OK | |
r-devel-linux-x86_64-fedora-clang | 0.3.3 | 60.67 | OK | |||
r-devel-linux-x86_64-fedora-gcc | 0.3.3 | 56.38 | OK | |||
r-devel-macos-arm64 | 0.3.1 | 41.00 | OK | |||
r-devel-macos-x86_64 | 0.3.3 | 48.00 | OK | |||
r-devel-windows-x86_64 | 0.3.1 | 7.00 | 98.00 | 105.00 | OK | |
r-patched-linux-x86_64 | 0.3.1 | 5.13 | 48.33 | 53.46 | OK | |
r-release-linux-x86_64 | 0.3.1 | 4.58 | 48.19 | 52.77 | OK | |
r-release-macos-arm64 | 0.3.1 | 63.00 | NOTE | |||
r-release-macos-x86_64 | 0.3.3 | 38.00 | NOTE | |||
r-release-windows-x86_64 | 0.3.1 | 7.00 | 94.00 | 101.00 | NOTE | |
r-oldrel-macos-arm64 | 0.3.1 | 54.00 | NOTE | |||
r-oldrel-macos-x86_64 | 0.3.3 | 37.00 | NOTE | |||
r-oldrel-windows-x86_64 | 0.3.3 | 9.00 | 68.00 | 77.00 | NOTE |
Version: 0.3.1
Check: installed package size
Result: NOTE
installed size is 8.5Mb
sub-directories of 1Mb or more:
doc 2.3Mb
extdata 4.0Mb
help 2.0Mb
Flavors: r-release-macos-arm64, r-release-windows-x86_64, r-oldrel-macos-arm64
Version: 0.3.3
Check: installed package size
Result: NOTE
installed size is 6.2Mb
sub-directories of 1Mb or more:
extdata 4.0Mb
help 2.0Mb
Flavors: r-release-macos-x86_64, r-oldrel-macos-x86_64, r-oldrel-windows-x86_64