Last updated on 2025-02-07 08:51:25 CET.
Flavor | Version | Tinstall | Tcheck | Ttotal | Status | Flags |
---|---|---|---|---|---|---|
r-devel-linux-x86_64-debian-clang | 0.1.2 | 2.90 | 24.84 | 27.74 | NOTE | |
r-devel-linux-x86_64-debian-gcc | 0.1.2 | 2.31 | 19.90 | 22.21 | NOTE | |
r-devel-linux-x86_64-fedora-clang | 0.1.2 | 43.88 | NOTE | |||
r-devel-linux-x86_64-fedora-gcc | 0.1.2 | 41.53 | NOTE | |||
r-devel-windows-x86_64 | 0.1.2 | 4.00 | 47.00 | 51.00 | NOTE | |
r-patched-linux-x86_64 | 0.1.2 | 2.79 | 23.55 | 26.34 | OK | |
r-release-linux-x86_64 | 0.1.2 | 2.68 | 23.13 | 25.81 | OK | |
r-release-macos-arm64 | 0.1.2 | 22.00 | OK | |||
r-release-macos-x86_64 | 0.1.2 | 32.00 | OK | |||
r-release-windows-x86_64 | 0.1.2 | 5.00 | 45.00 | 50.00 | OK | |
r-oldrel-macos-arm64 | 0.1.1 | 23.00 | OK | |||
r-oldrel-macos-x86_64 | 0.1.1 | 47.00 | OK | |||
r-oldrel-windows-x86_64 | 0.1.2 | 4.00 | 52.00 | 56.00 | OK |
Version: 0.1.2
Check: DESCRIPTION meta-information
Result: NOTE
Missing dependency on R >= 4.1.0 because package code uses the pipe
|> or function shorthand \(...) syntax added in R 4.1.0.
File(s) using such syntax:
‘LLMR.R’
Flavors: r-devel-linux-x86_64-debian-clang, r-devel-linux-x86_64-debian-gcc, r-devel-linux-x86_64-fedora-clang, r-devel-linux-x86_64-fedora-gcc, r-devel-windows-x86_64