Last updated on 2024-12-18 19:49:17 CET.
Flavor | Version | Tinstall | Tcheck | Ttotal | Status | Flags |
---|---|---|---|---|---|---|
r-devel-linux-x86_64-debian-clang | 1.2 | 4.10 | 44.85 | 48.95 | OK | |
r-devel-linux-x86_64-debian-gcc | 1.2 | 3.86 | 33.78 | 37.64 | OK | |
r-devel-linux-x86_64-fedora-clang | 1.2 | 81.58 | OK | |||
r-devel-linux-x86_64-fedora-gcc | 1.2 | 77.41 | OK | |||
r-devel-windows-x86_64 | 1.2 | 8.00 | 69.00 | 77.00 | OK | |
r-patched-linux-x86_64 | 1.2 | 5.69 | 42.22 | 47.91 | NOTE | |
r-release-linux-x86_64 | 1.2 | 4.98 | 43.06 | 48.04 | NOTE | |
r-release-macos-arm64 | 1.2 | 28.00 | NOTE | |||
r-release-macos-x86_64 | 1.2 | 39.00 | NOTE | |||
r-release-windows-x86_64 | 1.2 | 7.00 | 71.00 | 78.00 | NOTE | |
r-oldrel-macos-arm64 | 1.2 | 30.00 | NOTE | |||
r-oldrel-macos-x86_64 | 1.2 | 41.00 | NOTE | |||
r-oldrel-windows-x86_64 | 1.2 | 9.00 | 76.00 | 85.00 | NOTE |
Version: 1.2
Check: LazyData
Result: NOTE
'LazyData' is specified without a 'data' directory
Flavors: r-patched-linux-x86_64, r-release-linux-x86_64, r-release-macos-arm64, r-release-macos-x86_64, r-release-windows-x86_64, r-oldrel-macos-arm64, r-oldrel-macos-x86_64, r-oldrel-windows-x86_64