Last updated on 2025-02-24 19:50:37 CET.
Flavor | Version | Tinstall | Tcheck | Ttotal | Status | Flags |
---|---|---|---|---|---|---|
r-devel-linux-x86_64-debian-clang | 0.9.26 | 77.94 | 299.60 | 377.54 | OK | |
r-devel-linux-x86_64-debian-gcc | 1.0.0 | 53.92 | 200.31 | 254.23 | OK | |
r-devel-linux-x86_64-fedora-clang | 1.0.0 | 664.80 | OK | |||
r-devel-linux-x86_64-fedora-gcc | 1.0.0 | 686.96 | OK | |||
r-devel-macos-arm64 | 0.9.26 | 141.00 | OK | |||
r-devel-macos-x86_64 | 1.0.0 | 289.00 | OK | |||
r-devel-windows-x86_64 | 0.9.26 | 79.00 | 340.00 | 419.00 | OK | |
r-patched-linux-x86_64 | 0.9.26 | 82.29 | 276.11 | 358.40 | OK | |
r-release-linux-x86_64 | 1.0.0 | 77.33 | 310.61 | 387.94 | OK | |
r-release-macos-arm64 | 0.9.26 | 145.00 | NOTE | |||
r-release-macos-x86_64 | 1.0.0 | 310.00 | NOTE | |||
r-release-windows-x86_64 | 0.9.26 | 82.00 | 325.00 | 407.00 | OK | |
r-oldrel-macos-arm64 | 0.9.26 | 136.00 | NOTE | |||
r-oldrel-macos-x86_64 | 1.0.0 | 286.00 | NOTE | |||
r-oldrel-windows-x86_64 | 1.0.0 | 67.00 | 401.00 | 468.00 | NOTE |
Version: 0.9.26
Check: installed package size
Result: NOTE
installed size is 6.2Mb
sub-directories of 1Mb or more:
R 2.0Mb
libs 2.0Mb
Flavors: r-release-macos-arm64, r-oldrel-macos-arm64
Version: 1.0.0
Check: installed package size
Result: NOTE
installed size is 7.1Mb
sub-directories of 1Mb or more:
R 2.0Mb
help 1.1Mb
libs 2.2Mb
Flavors: r-release-macos-x86_64, r-oldrel-macos-x86_64, r-oldrel-windows-x86_64