Last updated on 2025-02-07 08:51:28 CET.
Flavor | Version | Tinstall | Tcheck | Ttotal | Status | Flags |
---|---|---|---|---|---|---|
r-devel-linux-x86_64-debian-clang | 0.4.0 | 5.77 | 39.77 | 45.54 | NOTE | |
r-devel-linux-x86_64-debian-gcc | 0.4.0 | 4.25 | 29.72 | 33.97 | NOTE | |
r-devel-linux-x86_64-fedora-clang | 0.4.0 | 72.80 | NOTE | |||
r-devel-linux-x86_64-fedora-gcc | 0.4.0 | 67.19 | NOTE | |||
r-devel-windows-x86_64 | 0.4.0 | 7.00 | 60.00 | 67.00 | NOTE | |
r-patched-linux-x86_64 | 0.4.0 | 4.63 | 36.76 | 41.39 | OK | |
r-release-linux-x86_64 | 0.4.0 | 5.01 | 36.80 | 41.81 | OK | |
r-release-macos-arm64 | 0.4.0 | 25.00 | OK | |||
r-release-macos-x86_64 | 0.4.0 | 37.00 | OK | |||
r-release-windows-x86_64 | 0.4.0 | 8.00 | 58.00 | 66.00 | OK | |
r-oldrel-macos-arm64 | 0.4.0 | 35.00 | OK | |||
r-oldrel-macos-x86_64 | 0.4.0 | 46.00 | OK | |||
r-oldrel-windows-x86_64 | 0.4.0 | 10.00 | 67.00 | 77.00 | OK |
Version: 0.4.0
Check: DESCRIPTION meta-information
Result: NOTE
Missing dependency on R >= 4.1.0 because package code uses the pipe
|> or function shorthand \(...) syntax added in R 4.1.0.
File(s) using such syntax:
‘setup_dir.R’
Flavors: r-devel-linux-x86_64-debian-clang, r-devel-linux-x86_64-debian-gcc, r-devel-linux-x86_64-fedora-clang, r-devel-linux-x86_64-fedora-gcc, r-devel-windows-x86_64