Last updated on 2025-02-24 19:50:40 CET.
Flavor | Version | Tinstall | Tcheck | Ttotal | Status | Flags |
---|---|---|---|---|---|---|
r-devel-linux-x86_64-debian-clang | 1.9 | 10.48 | 92.90 | 103.38 | OK | |
r-devel-linux-x86_64-debian-gcc | 1.9 | 7.06 | 64.61 | 71.67 | OK | |
r-devel-linux-x86_64-fedora-clang | 1.9 | 166.02 | OK | |||
r-devel-linux-x86_64-fedora-gcc | 1.9 | 167.23 | OK | |||
r-devel-macos-arm64 | 1.9 | 47.00 | OK | |||
r-devel-macos-x86_64 | 1.9 | 101.00 | OK | |||
r-devel-windows-x86_64 | 1.9 | 11.00 | 110.00 | 121.00 | OK | |
r-patched-linux-x86_64 | 1.9 | 10.35 | 86.36 | 96.71 | OK | |
r-release-linux-x86_64 | 1.9 | 8.08 | 86.80 | 94.88 | OK | |
r-release-macos-arm64 | 1.9 | 44.00 | OK | |||
r-release-macos-x86_64 | 1.9 | 79.00 | OK | |||
r-release-windows-x86_64 | 1.9 | 11.00 | 111.00 | 122.00 | OK | |
r-oldrel-macos-arm64 | 1.9 | 51.00 | OK | |||
r-oldrel-macos-x86_64 | 1.9 | 88.00 | NOTE | |||
r-oldrel-windows-x86_64 | 1.9 | 14.00 | 134.00 | 148.00 | OK |
Version: 1.9
Check: Rd cross-references
Result: NOTE
Package unavailable to check Rd xrefs: ‘genefilter’
Flavor: r-oldrel-macos-x86_64