CRAN Package Check Results for Package MaxentVariableSelection

Last updated on 2025-02-07 08:51:26 CET.

Flavor Version Tinstall Tcheck Ttotal Status Flags
r-devel-linux-x86_64-debian-clang 1.0-3 2.31 32.92 35.23 NOTE
r-devel-linux-x86_64-debian-gcc 1.0-3 1.83 24.16 25.99 NOTE
r-devel-linux-x86_64-fedora-clang 1.0-3 59.26 NOTE
r-devel-linux-x86_64-fedora-gcc 1.0-3 67.75 NOTE
r-devel-windows-x86_64 1.0-3 4.00 54.00 58.00 NOTE
r-patched-linux-x86_64 1.0-3 2.52 31.16 33.68 NOTE
r-release-linux-x86_64 1.0-3 1.75 30.97 32.72 NOTE
r-release-macos-arm64 1.0-3 27.00 NOTE
r-release-macos-x86_64 1.0-3 42.00 NOTE
r-release-windows-x86_64 1.0-3 4.00 53.00 57.00 NOTE
r-oldrel-macos-arm64 1.0-3 29.00 NOTE
r-oldrel-macos-x86_64 1.0-3 40.00 NOTE
r-oldrel-windows-x86_64 1.0-3 4.00 58.00 62.00 NOTE

Additional issues

donttest

Check Details

Version: 1.0-3
Check: Rd files
Result: NOTE checkRd: (-1) MaxentVariableSelection-package.Rd:46: Lost braces; missing escapes or markup? 46 | \tab Tyberghein L, Verbruggen H, Pauly K, Troupin C, Mineur F and {De Clerck}, O (2012)\cr | ^ Flavors: r-devel-linux-x86_64-debian-clang, r-devel-linux-x86_64-debian-gcc, r-devel-linux-x86_64-fedora-clang, r-devel-linux-x86_64-fedora-gcc, r-devel-windows-x86_64, r-patched-linux-x86_64, r-release-linux-x86_64, r-release-macos-arm64, r-release-macos-x86_64, r-release-windows-x86_64

Version: 1.0-3
Check: LazyData
Result: NOTE 'LazyData' is specified without a 'data' directory Flavors: r-patched-linux-x86_64, r-release-linux-x86_64, r-release-macos-arm64, r-release-macos-x86_64, r-release-windows-x86_64, r-oldrel-macos-arm64, r-oldrel-macos-x86_64, r-oldrel-windows-x86_64