Last updated on 2025-02-21 08:52:39 CET.
Flavor | Version | Tinstall | Tcheck | Ttotal | Status | Flags |
---|---|---|---|---|---|---|
r-devel-linux-x86_64-debian-clang | 1.0 | 27.65 | 82.28 | 109.93 | OK | |
r-devel-linux-x86_64-debian-gcc | 1.0 | 22.54 | 60.74 | 83.28 | OK | |
r-devel-linux-x86_64-fedora-clang | 1.0 | 188.22 | NOTE | |||
r-devel-linux-x86_64-fedora-gcc | 1.0 | 180.73 | NOTE | |||
r-devel-macos-arm64 | 1.0 | 48.00 | OK | |||
r-devel-macos-x86_64 | 1.0 | 93.00 | OK | |||
r-devel-windows-x86_64 | 1.0 | 32.00 | 127.00 | 159.00 | OK | |
r-patched-linux-x86_64 | 1.0 | 29.16 | 77.58 | 106.74 | OK | |
r-release-linux-x86_64 | 1.0 | 29.25 | 77.96 | 107.21 | OK | |
r-release-macos-arm64 | 1.0 | 50.00 | OK | |||
r-release-macos-x86_64 | 1.0 | 71.00 | OK | |||
r-release-windows-x86_64 | 1.0 | 31.00 | 107.00 | 138.00 | OK | |
r-oldrel-macos-arm64 | 1.0 | 65.00 | OK | |||
r-oldrel-macos-x86_64 | 1.0 | 115.00 | OK | |||
r-oldrel-windows-x86_64 | 1.0 | 39.00 | 134.00 | 173.00 | OK |
Version: 1.0
Check: compiled code
Result: NOTE
File ‘MiSPU/libs/MiSPU.so’:
Found no calls to: ‘R_registerRoutines’, ‘R_useDynamicSymbols’
It is good practice to register native routines and to disable symbol
search.
See ‘Writing portable packages’ in the ‘Writing R Extensions’ manual.
Flavors: r-devel-linux-x86_64-fedora-clang, r-devel-linux-x86_64-fedora-gcc