CRAN Package Check Results for Package NMI

Last updated on 2025-05-13 19:52:40 CEST.

Flavor Version Tinstall Tcheck Ttotal Status Flags
r-devel-linux-x86_64-debian-clang 2.0 1.42 15.73 17.15 OK
r-devel-linux-x86_64-debian-gcc 2.0 1.29 13.21 14.50 OK
r-devel-linux-x86_64-fedora-clang 2.0 27.22 OK
r-devel-linux-x86_64-fedora-gcc 2.0 27.17 OK
r-devel-windows-x86_64 2.0 2.00 40.00 42.00 OK
r-patched-linux-x86_64 2.0 1.47 15.23 16.70 OK
r-release-linux-x86_64 2.0 1.54 15.10 16.64 OK
r-release-macos-arm64 2.0 17.00 OK
r-release-macos-x86_64 2.0 24.00 OK
r-release-windows-x86_64 2.0 4.00 34.00 38.00 OK
r-oldrel-macos-arm64 2.0 13.00 NOTE
r-oldrel-macos-x86_64 2.0 20.00 NOTE
r-oldrel-windows-x86_64 2.0 2.00 34.00 36.00 NOTE

Check Details

Version: 2.0
Check: LazyData
Result: NOTE 'LazyData' is specified without a 'data' directory Flavors: r-oldrel-macos-arm64, r-oldrel-macos-x86_64, r-oldrel-windows-x86_64