Last updated on 2025-02-24 19:50:42 CET.
Flavor | Version | Tinstall | Tcheck | Ttotal | Status | Flags |
---|---|---|---|---|---|---|
r-devel-linux-x86_64-debian-clang | 0.5 | 12.06 | 96.87 | 108.93 | NOTE | |
r-devel-linux-x86_64-debian-gcc | 0.5 | 7.02 | 66.64 | 73.66 | NOTE | |
r-devel-linux-x86_64-fedora-clang | 0.5 | 172.51 | NOTE | |||
r-devel-linux-x86_64-fedora-gcc | 0.5 | 177.82 | NOTE | |||
r-devel-macos-arm64 | 0.5 | 71.00 | OK | |||
r-devel-macos-x86_64 | 0.5 | 112.00 | NOTE | |||
r-devel-windows-x86_64 | 0.5 | 14.00 | 126.00 | 140.00 | NOTE | |
r-patched-linux-x86_64 | 0.5 | 10.46 | 90.34 | 100.80 | OK | |
r-release-linux-x86_64 | 0.5 | 10.11 | 89.71 | 99.82 | OK | |
r-release-macos-arm64 | 0.5 | 67.00 | OK | |||
r-release-macos-x86_64 | 0.5 | 168.00 | OK | |||
r-release-windows-x86_64 | 0.5 | 15.00 | 127.00 | 142.00 | OK | |
r-oldrel-macos-arm64 | 0.5 | 103.00 | OK | |||
r-oldrel-macos-x86_64 | 0.5 | 149.00 | OK | |||
r-oldrel-windows-x86_64 | 0.5 | 17.00 | 149.00 | 166.00 | OK |
Version: 0.5
Check: DESCRIPTION meta-information
Result: NOTE
Missing dependency on R >= 4.1.0 because package code uses the pipe
|> or function shorthand \(...) syntax added in R 4.1.0.
File(s) using such syntax:
‘global.R’
Flavors: r-devel-linux-x86_64-debian-clang, r-devel-linux-x86_64-debian-gcc, r-devel-linux-x86_64-fedora-clang, r-devel-linux-x86_64-fedora-gcc, r-devel-macos-x86_64, r-devel-windows-x86_64