Last updated on 2025-02-07 08:51:30 CET.
Flavor | Version | Tinstall | Tcheck | Ttotal | Status | Flags |
---|---|---|---|---|---|---|
r-devel-linux-x86_64-debian-clang | 1.1.4 | 18.82 | 74.34 | 93.16 | NOTE | |
r-devel-linux-x86_64-debian-gcc | 1.1.4 | 13.14 | 48.18 | 61.32 | NOTE | |
r-devel-linux-x86_64-fedora-clang | 1.1.4 | 149.86 | NOTE | |||
r-devel-linux-x86_64-fedora-gcc | 1.1.4 | 143.51 | NOTE | |||
r-devel-windows-x86_64 | 1.1.4 | 23.00 | 97.00 | 120.00 | NOTE | |
r-patched-linux-x86_64 | 1.1.4 | 17.89 | 58.39 | 76.28 | NOTE | |
r-release-linux-x86_64 | 1.1.4 | 18.70 | 57.68 | 76.38 | NOTE | |
r-release-macos-arm64 | 1.1.4 | 45.00 | NOTE | |||
r-release-macos-x86_64 | 1.1.4 | 58.00 | NOTE | |||
r-release-windows-x86_64 | 1.1.4 | 24.00 | 90.00 | 114.00 | NOTE | |
r-oldrel-macos-arm64 | 1.1.4 | 39.00 | NOTE | |||
r-oldrel-macos-x86_64 | 1.1.4 | 69.00 | NOTE | |||
r-oldrel-windows-x86_64 | 1.1.4 | 30.00 | 113.00 | 143.00 | NOTE |
Version: 1.1.4
Check: C++ specification
Result: NOTE
Specified C++11: please drop specification unless essential
Flavors: r-devel-linux-x86_64-debian-clang, r-devel-linux-x86_64-debian-gcc, r-devel-linux-x86_64-fedora-clang, r-devel-linux-x86_64-fedora-gcc, r-devel-windows-x86_64, r-patched-linux-x86_64, r-release-linux-x86_64, r-release-macos-arm64, r-release-macos-x86_64, r-release-windows-x86_64, r-oldrel-macos-arm64, r-oldrel-macos-x86_64, r-oldrel-windows-x86_64