Last updated on 2025-05-17 08:49:46 CEST.
Flavor | Version | Tinstall | Tcheck | Ttotal | Status | Flags |
---|---|---|---|---|---|---|
r-devel-linux-x86_64-debian-clang | 0.3.3 | 5.10 | 32.69 | 37.79 | NOTE | |
r-devel-linux-x86_64-debian-gcc | 0.3.3 | 3.35 | 23.79 | 27.14 | NOTE | |
r-devel-linux-x86_64-fedora-clang | 0.3.3 | 57.18 | NOTE | |||
r-devel-linux-x86_64-fedora-gcc | 0.3.3 | 52.48 | NOTE | |||
r-devel-windows-x86_64 | 0.3.3 | 5.00 | 53.00 | 58.00 | NOTE | |
r-patched-linux-x86_64 | 0.3.3 | 4.83 | 29.50 | 34.33 | NOTE | |
r-release-linux-x86_64 | 0.3.3 | 4.88 | 29.52 | 34.40 | NOTE | |
r-release-macos-arm64 | 0.3.3 | 21.00 | NOTE | |||
r-release-macos-x86_64 | 0.3.3 | 33.00 | NOTE | |||
r-release-windows-x86_64 | 0.3.3 | 6.00 | 57.00 | 63.00 | NOTE | |
r-oldrel-macos-arm64 | 0.3.3 | 21.00 | NOTE | |||
r-oldrel-macos-x86_64 | 0.3.3 | 29.00 | NOTE | |||
r-oldrel-windows-x86_64 | 0.3.3 | 5.00 | 59.00 | 64.00 | NOTE |
Version: 0.3.3
Check: Rd files
Result: NOTE
checkRd: (-1) struc_addSimData.Rd:15: Lost braces
15 | \item{value}{code{data.frame} or code{data.table}}
| ^
checkRd: (-1) struc_addSimData.Rd:15: Lost braces
15 | \item{value}{code{data.frame} or code{data.table}}
| ^
Flavors: r-devel-linux-x86_64-debian-clang, r-devel-linux-x86_64-debian-gcc, r-devel-linux-x86_64-fedora-clang, r-devel-linux-x86_64-fedora-gcc, r-devel-windows-x86_64, r-patched-linux-x86_64, r-release-linux-x86_64, r-release-macos-arm64, r-release-macos-x86_64, r-release-windows-x86_64, r-oldrel-macos-arm64, r-oldrel-macos-x86_64, r-oldrel-windows-x86_64