Last updated on 2025-02-24 19:50:43 CET.
Flavor | Version | Tinstall | Tcheck | Ttotal | Status | Flags |
---|---|---|---|---|---|---|
r-devel-linux-x86_64-debian-clang | 1.0.4 | 75.87 | 28.15 | 104.02 | NOTE | |
r-devel-linux-x86_64-debian-gcc | 1.0.4 | 53.57 | 22.59 | 76.16 | NOTE | |
r-devel-linux-x86_64-fedora-clang | 1.0.4 | 233.13 | NOTE | |||
r-devel-linux-x86_64-fedora-gcc | 1.0.4 | 198.37 | NOTE | |||
r-devel-macos-arm64 | 1.0.4 | 51.00 | OK | |||
r-devel-macos-x86_64 | 1.0.4 | 65.00 | OK | |||
r-devel-windows-x86_64 | 1.0.4 | 86.00 | 67.00 | 153.00 | OK | |
r-patched-linux-x86_64 | 1.0.4 | 75.72 | 26.34 | 102.06 | OK | |
r-release-linux-x86_64 | 1.0.4 | 78.44 | 26.24 | 104.68 | OK | |
r-release-macos-arm64 | 1.0.4 | 55.00 | NOTE | |||
r-release-macos-x86_64 | 1.0.4 | 88.00 | NOTE | |||
r-release-windows-x86_64 | 1.0.4 | 87.00 | 65.00 | 152.00 | OK | |
r-oldrel-macos-arm64 | 1.0.4 | 54.00 | NOTE | |||
r-oldrel-macos-x86_64 | 1.0.4 | 89.00 | NOTE | |||
r-oldrel-windows-x86_64 | 1.0.4 | 104.00 | 77.00 | 181.00 | OK |
Version: 1.0.4
Check: top-level files
Result: NOTE
possible bashism in configure.ac line 36 (should be 'b = a'):
if test "$ac_cv_header_stdint_h" == yes; then
possible bashism in configure.ac line 50 (should be 'b = a'):
if test "$ac_cv_header_inttypes_h" == yes; then
Flavors: r-devel-linux-x86_64-debian-clang, r-devel-linux-x86_64-debian-gcc, r-devel-linux-x86_64-fedora-clang, r-devel-linux-x86_64-fedora-gcc
Version: 1.0.4
Check: installed package size
Result: NOTE
installed size is 5.3Mb
sub-directories of 1Mb or more:
libs 5.2Mb
Flavors: r-release-macos-arm64, r-release-macos-x86_64, r-oldrel-macos-arm64, r-oldrel-macos-x86_64