CRAN Package Check Results for Package PerseusR

Last updated on 2025-02-24 19:50:42 CET.

Flavor Version Tinstall Tcheck Ttotal Status Flags
r-devel-linux-x86_64-debian-clang 0.3.4 6.92 54.03 60.95 NOTE
r-devel-linux-x86_64-debian-gcc 0.3.4 5.13 40.54 45.67 NOTE
r-devel-linux-x86_64-fedora-clang 0.3.4 106.48 OK
r-devel-linux-x86_64-fedora-gcc 0.3.4 111.99 OK
r-devel-macos-arm64 0.3.4 37.00 OK
r-devel-macos-x86_64 0.3.4 69.00 OK
r-devel-windows-x86_64 0.3.4 8.00 72.00 80.00 NOTE
r-patched-linux-x86_64 0.3.4 11.14 50.16 61.30 NOTE
r-release-linux-x86_64 0.3.4 6.43 50.88 57.31 NOTE
r-release-macos-arm64 0.3.4 33.00 NOTE
r-release-macos-x86_64 0.3.4 54.00 NOTE
r-release-windows-x86_64 0.3.4 10.00 71.00 81.00 NOTE
r-oldrel-macos-arm64 0.3.4 38.00 NOTE
r-oldrel-macos-x86_64 0.3.4 48.00 NOTE
r-oldrel-windows-x86_64 0.3.4 10.00 81.00 91.00 NOTE

Check Details

Version: 0.3.4
Check: Rd cross-references
Result: NOTE Found the following Rd file(s) with Rd \link{} targets missing package anchors: infer_perseus_annotation_types.Rd: mapvalues Please provide package anchors for all Rd \link{} targets not in the package itself and the base packages. Flavors: r-devel-linux-x86_64-debian-clang, r-devel-linux-x86_64-debian-gcc, r-devel-windows-x86_64

Version: 0.3.4
Check: LazyData
Result: NOTE 'LazyData' is specified without a 'data' directory Flavors: r-patched-linux-x86_64, r-release-linux-x86_64, r-release-macos-arm64, r-release-macos-x86_64, r-release-windows-x86_64, r-oldrel-macos-arm64, r-oldrel-macos-x86_64, r-oldrel-windows-x86_64