Last updated on 2024-12-18 19:49:20 CET.
Flavor | Version | Tinstall | Tcheck | Ttotal | Status | Flags |
---|---|---|---|---|---|---|
r-devel-linux-x86_64-debian-clang | 1.1 | 77.22 | 58.36 | 135.58 | OK | |
r-devel-linux-x86_64-debian-gcc | 1.1 | 60.47 | 45.32 | 105.79 | OK | |
r-devel-linux-x86_64-fedora-clang | 1.1 | 197.56 | OK | |||
r-devel-linux-x86_64-fedora-gcc | 1.1 | 258.29 | OK | |||
r-devel-windows-x86_64 | 1.1 | 62.00 | 97.00 | 159.00 | OK | |
r-patched-linux-x86_64 | 1.1 | 76.32 | 57.51 | 133.83 | OK | |
r-release-linux-x86_64 | 1.1 | 73.24 | 57.17 | 130.41 | OK | |
r-release-macos-arm64 | 1.1 | 54.00 | NOTE | |||
r-release-macos-x86_64 | 1.1 | 86.00 | NOTE | |||
r-release-windows-x86_64 | 1.1 | 64.00 | 108.00 | 172.00 | OK | |
r-oldrel-macos-arm64 | 1.1 | 74.00 | NOTE | |||
r-oldrel-macos-x86_64 | 1.1 | 122.00 | NOTE | |||
r-oldrel-windows-x86_64 | 1.1 | 79.00 | 108.00 | 187.00 | OK |
Version: 1.1
Check: installed package size
Result: NOTE
installed size is 20.8Mb
sub-directories of 1Mb or more:
libs 20.6Mb
Flavors: r-release-macos-arm64, r-release-macos-x86_64, r-oldrel-macos-arm64, r-oldrel-macos-x86_64