CRAN Package Check Results for Package QAIG

Last updated on 2024-12-18 19:49:20 CET.

Flavor Version Tinstall Tcheck Ttotal Status Flags
r-devel-linux-x86_64-debian-clang 0.1.7 2.42 28.73 31.15 OK
r-devel-linux-x86_64-debian-gcc 0.1.7 2.10 22.60 24.70 OK
r-devel-linux-x86_64-fedora-clang 0.1.7 51.10 OK
r-devel-linux-x86_64-fedora-gcc 0.1.7 61.92 OK
r-devel-windows-x86_64 0.1.7 4.00 49.00 53.00 OK
r-patched-linux-x86_64 0.1.7 2.36 27.44 29.80 NOTE
r-release-linux-x86_64 0.1.7 2.74 27.43 30.17 NOTE
r-release-macos-arm64 0.1.7 22.00 NOTE
r-release-macos-x86_64 0.1.7 36.00 NOTE
r-release-windows-x86_64 0.1.7 5.00 50.00 55.00 NOTE
r-oldrel-macos-arm64 0.1.7 24.00 NOTE
r-oldrel-macos-x86_64 0.1.7 37.00 NOTE
r-oldrel-windows-x86_64 0.1.7 5.00 50.00 55.00 NOTE

Check Details

Version: 0.1.7
Check: LazyData
Result: NOTE 'LazyData' is specified without a 'data' directory Flavors: r-patched-linux-x86_64, r-release-linux-x86_64, r-release-macos-arm64, r-release-macos-x86_64, r-release-windows-x86_64, r-oldrel-macos-arm64, r-oldrel-macos-x86_64, r-oldrel-windows-x86_64