Last updated on 2025-02-24 19:50:45 CET.
Flavor | Version | Tinstall | Tcheck | Ttotal | Status | Flags |
---|---|---|---|---|---|---|
r-devel-linux-x86_64-debian-clang | 1.2.0 | 8.29 | 101.53 | 109.82 | OK | |
r-devel-linux-x86_64-debian-gcc | 1.2.0 | 5.50 | 68.28 | 73.78 | OK | |
r-devel-linux-x86_64-fedora-clang | 1.2.0 | 177.62 | OK | |||
r-devel-linux-x86_64-fedora-gcc | 1.2.0 | 205.00 | OK | |||
r-devel-macos-arm64 | 1.2.0 | 57.00 | OK | |||
r-devel-macos-x86_64 | 1.2.0 | 119.00 | OK | |||
r-devel-windows-x86_64 | 1.2.0 | 9.00 | 126.00 | 135.00 | OK | |
r-patched-linux-x86_64 | 1.2.0 | 8.28 | 95.04 | 103.32 | OK | |
r-release-linux-x86_64 | 1.2.0 | 6.20 | 95.40 | 101.60 | OK | |
r-release-macos-arm64 | 1.2.0 | 56.00 | NOTE | |||
r-release-macos-x86_64 | 1.2.0 | 87.00 | NOTE | |||
r-release-windows-x86_64 | 1.2.0 | 9.00 | 126.00 | 135.00 | NOTE | |
r-oldrel-macos-arm64 | 1.2.0 | 64.00 | NOTE | |||
r-oldrel-macos-x86_64 | 1.2.0 | 100.00 | NOTE | |||
r-oldrel-windows-x86_64 | 1.2.0 | 12.00 | 149.00 | 161.00 | NOTE |
Version: 1.2.0
Check: installed package size
Result: NOTE
installed size is 5.4Mb
sub-directories of 1Mb or more:
data 1.9Mb
doc 1.2Mb
extdata 1.9Mb
Flavors: r-release-macos-arm64, r-release-macos-x86_64, r-release-windows-x86_64, r-oldrel-macos-arm64, r-oldrel-macos-x86_64, r-oldrel-windows-x86_64