Last updated on 2025-05-17 19:52:04 CEST.
Flavor | Version | Tinstall | Tcheck | Ttotal | Status | Flags |
---|---|---|---|---|---|---|
r-devel-linux-x86_64-debian-clang | 1.1.0 | 10.38 | 91.29 | 101.67 | OK | |
r-devel-linux-x86_64-debian-gcc | 1.1.0 | 7.85 | 67.60 | 75.45 | OK | |
r-devel-linux-x86_64-fedora-clang | 1.1.0 | 160.72 | OK | |||
r-devel-linux-x86_64-fedora-gcc | 1.1.0 | 171.10 | OK | |||
r-devel-windows-x86_64 | 1.1.0 | 11.00 | 96.00 | 107.00 | OK | |
r-patched-linux-x86_64 | 1.1.0 | 10.43 | 86.39 | 96.82 | OK | |
r-release-linux-x86_64 | 1.1.0 | 10.27 | 86.44 | 96.71 | OK | |
r-release-macos-arm64 | 1.1.0 | 52.00 | OK | |||
r-release-macos-x86_64 | 1.1.0 | 111.00 | OK | |||
r-release-windows-x86_64 | 1.1.0 | 12.00 | 100.00 | 112.00 | OK | |
r-oldrel-macos-arm64 | 1.1.0 | 50.00 | NOTE | |||
r-oldrel-macos-x86_64 | 1.1.0 | 105.00 | NOTE | |||
r-oldrel-windows-x86_64 | 1.1.0 | 15.00 | 123.00 | 138.00 | NOTE |
Version: 1.1.0
Check: LazyData
Result: NOTE
'LazyData' is specified without a 'data' directory
Flavors: r-oldrel-macos-arm64, r-oldrel-macos-x86_64, r-oldrel-windows-x86_64