CRAN Package Check Results for Package RandMeta

Last updated on 2025-02-24 19:50:44 CET.

Flavor Version Tinstall Tcheck Ttotal Status Flags
r-devel-linux-x86_64-debian-clang 0.1.0 3.71 19.23 22.94 OK
r-devel-linux-x86_64-debian-gcc 0.1.0 2.73 14.60 17.33 OK
r-devel-linux-x86_64-fedora-clang 0.1.0 38.42 OK
r-devel-linux-x86_64-fedora-gcc 0.1.0 35.40 OK
r-devel-macos-arm64 0.1.0 15.00 OK
r-devel-macos-x86_64 0.1.0 24.00 OK
r-devel-windows-x86_64 0.1.0 4.00 36.00 40.00 OK
r-patched-linux-x86_64 0.1.0 3.33 17.99 21.32 NOTE
r-release-linux-x86_64 0.1.0 3.30 18.04 21.34 NOTE
r-release-macos-arm64 0.1.0 18.00 NOTE
r-release-macos-x86_64 0.1.0 22.00 NOTE
r-release-windows-x86_64 0.1.0 4.00 35.00 39.00 NOTE
r-oldrel-macos-arm64 0.1.0 16.00 NOTE
r-oldrel-macos-x86_64 0.1.0 22.00 NOTE
r-oldrel-windows-x86_64 0.1.0 4.00 36.00 40.00 NOTE

Check Details

Version: 0.1.0
Check: LazyData
Result: NOTE 'LazyData' is specified without a 'data' directory Flavors: r-patched-linux-x86_64, r-release-linux-x86_64, r-release-macos-arm64, r-release-macos-x86_64, r-release-windows-x86_64, r-oldrel-macos-arm64, r-oldrel-macos-x86_64, r-oldrel-windows-x86_64