Last updated on 2025-02-24 19:50:44 CET.
Flavor | Version | Tinstall | Tcheck | Ttotal | Status | Flags |
---|---|---|---|---|---|---|
r-devel-linux-x86_64-debian-clang | 2.9.3 | 240.08 | 181.77 | 421.85 | OK | |
r-devel-linux-x86_64-debian-gcc | 2.9.3 | 164.70 | 130.75 | 295.45 | OK | |
r-devel-linux-x86_64-fedora-clang | 2.9.3 | 939.16 | WARN | |||
r-devel-linux-x86_64-fedora-gcc | 2.9.3 | 766.71 | OK | |||
r-devel-macos-arm64 | 2.9.3 | 173.00 | OK | |||
r-devel-macos-x86_64 | 2.9.3 | 341.00 | OK | |||
r-devel-windows-x86_64 | 2.9.3 | 266.00 | 231.00 | 497.00 | OK | |
r-patched-linux-x86_64 | 2.9.3 | 236.30 | 171.52 | 407.82 | OK | |
r-release-linux-x86_64 | 2.9.3 | 232.55 | 170.96 | 403.51 | OK | |
r-release-macos-arm64 | 2.9.3 | 198.00 | NOTE | |||
r-release-macos-x86_64 | 2.9.3 | 347.00 | NOTE | |||
r-release-windows-x86_64 | 2.9.3 | 265.00 | 231.00 | 496.00 | OK | |
r-oldrel-macos-arm64 | 2.8.5 | 171.00 | NOTE | |||
r-oldrel-macos-x86_64 | 2.9.3 | 380.00 | NOTE | |||
r-oldrel-windows-x86_64 | 2.9.3 | 269.00 | 274.00 | 543.00 | OK |
Version: 2.9.3
Check: whether package can be installed
Result: WARN
Found the following significant warnings:
/data/gannet/ripley/R/test-clang/cpp11/include/cpp11/R.hpp:52:31: warning: identifier '_xl' preceded by whitespace in a literal operator declaration is deprecated [-Wdeprecated-literal-operator]
/data/gannet/ripley/R/test-clang/cpp11/include/cpp11/named_arg.hpp:42:29: warning: identifier '_nm' preceded by whitespace in a literal operator declaration is deprecated [-Wdeprecated-literal-operator]
See ‘/data/gannet/ripley/R/packages/tests-clang/RcppAlgos.Rcheck/00install.out’ for details.
* used C++ compiler: ‘clang version 20.1.0-rc2’
Flavor: r-devel-linux-x86_64-fedora-clang
Version: 2.9.3
Check: installed package size
Result: NOTE
installed size is 21.1Mb
sub-directories of 1Mb or more:
doc 1.2Mb
libs 18.8Mb
Flavors: r-release-macos-arm64, r-release-macos-x86_64, r-oldrel-macos-x86_64
Version: 2.8.5
Check: installed package size
Result: NOTE
installed size is 20.1Mb
sub-directories of 1Mb or more:
doc 1.1Mb
libs 17.8Mb
Flavor: r-oldrel-macos-arm64