Last updated on 2025-02-24 19:50:44 CET.
Flavor | Version | Tinstall | Tcheck | Ttotal | Status | Flags |
---|---|---|---|---|---|---|
r-devel-linux-x86_64-debian-clang | 1.1.0 | 43.18 | 88.20 | 131.38 | OK | |
r-devel-linux-x86_64-debian-gcc | 1.1.0 | 29.08 | 56.05 | 85.13 | OK | |
r-devel-linux-x86_64-fedora-clang | 1.1.0 | 237.19 | WARN | |||
r-devel-linux-x86_64-fedora-gcc | 1.1.0 | 214.85 | OK | |||
r-devel-macos-arm64 | 1.1.0 | 53.00 | OK | |||
r-devel-macos-x86_64 | 1.1.0 | 88.00 | OK | |||
r-devel-windows-x86_64 | 1.1.0 | 46.00 | 150.00 | 196.00 | OK | |
r-patched-linux-x86_64 | 1.1.0 | 41.52 | 90.76 | 132.28 | OK | |
r-release-linux-x86_64 | 1.1.0 | 41.37 | 90.91 | 132.28 | OK | |
r-release-macos-arm64 | 1.1.0 | 53.00 | OK | |||
r-release-macos-x86_64 | 1.1.0 | 77.00 | OK | |||
r-release-windows-x86_64 | 1.1.0 | 46.00 | 100.00 | 146.00 | OK | |
r-oldrel-macos-arm64 | 1.1.0 | 53.00 | OK | |||
r-oldrel-macos-x86_64 | 1.1.0 | 86.00 | OK | |||
r-oldrel-windows-x86_64 | 1.1.0 | 45.00 | 110.00 | 155.00 | OK |
Version: 1.1.0
Check: whether package can be installed
Result: WARN
Found the following significant warnings:
/data/gannet/ripley/R/test-clang/cpp11/include/cpp11/R.hpp:52:31: warning: identifier '_xl' preceded by whitespace in a literal operator declaration is deprecated [-Wdeprecated-literal-operator]
/data/gannet/ripley/R/test-clang/cpp11/include/cpp11/named_arg.hpp:42:29: warning: identifier '_nm' preceded by whitespace in a literal operator declaration is deprecated [-Wdeprecated-literal-operator]
See ‘/data/gannet/ripley/R/packages/tests-clang/RcppBigIntAlgos.Rcheck/00install.out’ for details.
* used C++ compiler: ‘clang version 20.1.0-rc2’
Flavor: r-devel-linux-x86_64-fedora-clang