Last updated on 2025-05-17 19:52:03 CEST.
Flavor | Version | Tinstall | Tcheck | Ttotal | Status | Flags |
---|---|---|---|---|---|---|
r-devel-linux-x86_64-debian-clang | 2.0 | 3.53 | 25.16 | 28.69 | NOTE | |
r-devel-linux-x86_64-debian-gcc | 2.0 | 2.67 | 20.25 | 22.92 | NOTE | |
r-devel-linux-x86_64-fedora-clang | 2.0 | 46.32 | OK | |||
r-devel-linux-x86_64-fedora-gcc | 2.0 | 46.75 | OK | |||
r-devel-windows-x86_64 | 2.0 | 7.00 | 52.00 | 59.00 | OK | |
r-patched-linux-x86_64 | 2.0 | 3.64 | 24.57 | 28.21 | OK | |
r-release-linux-x86_64 | 2.0 | 3.01 | 24.39 | 27.40 | OK | |
r-release-macos-arm64 | 2.0 | 18.00 | OK | |||
r-release-macos-x86_64 | 2.0 | 29.00 | OK | |||
r-release-windows-x86_64 | 2.0 | 7.00 | 51.00 | 58.00 | OK | |
r-oldrel-macos-arm64 | 2.0 | 17.00 | OK | |||
r-oldrel-macos-x86_64 | 2.0 | 26.00 | OK | |||
r-oldrel-windows-x86_64 | 2.0 | 6.00 | 51.00 | 57.00 | OK |
Version: 2.0
Check: CRAN incoming feasibility
Result: NOTE
Maintainer: ‘Fabien Laporte <fabien.laporte@inra.fr>’
No Authors@R field in DESCRIPTION.
Please add one, modifying
Authors@R: c(person(given = "Fabien",
family = "Laporte",
role = c("aut", "cre"),
email = "fabien.laporte@inra.fr"),
person(given = "Tristan",
family = "Mary-Huard",
role = "aut"))
as necessary.
Flavors: r-devel-linux-x86_64-debian-clang, r-devel-linux-x86_64-debian-gcc