CRAN Package Check Results for Package ReportSubtotal

Last updated on 2024-12-18 19:49:22 CET.

Flavor Version Tinstall Tcheck Ttotal Status Flags
r-devel-linux-x86_64-debian-clang 0.1.2 3.72 32.57 36.29 OK
r-devel-linux-x86_64-debian-gcc 0.1.2 2.76 24.51 27.27 OK
r-devel-linux-x86_64-fedora-clang 0.1.2 59.35 NOTE
r-devel-linux-x86_64-fedora-gcc 0.1.2 55.42 NOTE
r-devel-windows-x86_64 0.1.2 6.00 59.00 65.00 OK
r-patched-linux-x86_64 0.1.2 3.58 31.24 34.82 OK
r-release-linux-x86_64 0.1.2 3.20 31.22 34.42 OK
r-release-macos-arm64 0.1.2 27.00 OK
r-release-macos-x86_64 0.1.2 42.00 OK
r-release-windows-x86_64 0.1.2 5.00 63.00 68.00 OK
r-oldrel-macos-arm64 0.1.2 25.00 OK
r-oldrel-macos-x86_64 0.1.2 41.00 OK
r-oldrel-windows-x86_64 0.1.2 5.00 57.00 62.00 OK

Check Details

Version: 0.1.2
Check: dependencies in R code
Result: NOTE Namespace in Imports field not imported from: ‘tidyselect’ All declared Imports should be used. Flavors: r-devel-linux-x86_64-fedora-clang, r-devel-linux-x86_64-fedora-gcc