Last updated on 2024-12-18 19:49:22 CET.
Flavor | Version | Tinstall | Tcheck | Ttotal | Status | Flags |
---|---|---|---|---|---|---|
r-devel-linux-x86_64-debian-clang | 0.2-10 | 117.52 | 23.83 | 141.35 | OK | |
r-devel-linux-x86_64-debian-gcc | 0.2-10 | 78.72 | 19.16 | 97.88 | OK | |
r-devel-linux-x86_64-fedora-clang | 0.2-10 | 351.48 | OK | |||
r-devel-linux-x86_64-fedora-gcc | 0.2-10 | 276.87 | OK | |||
r-devel-windows-x86_64 | 0.2-10 | 135.00 | 87.00 | 222.00 | OK | |
r-patched-linux-x86_64 | 0.2-10 | 112.44 | 22.97 | 135.41 | OK | |
r-release-linux-x86_64 | 0.2-10 | 109.85 | 22.99 | 132.84 | OK | |
r-release-macos-arm64 | 0.2-10 | 57.00 | NOTE | |||
r-release-macos-x86_64 | 0.2-10 | 69.00 | NOTE | |||
r-release-windows-x86_64 | 0.2-10 | 138.00 | 94.00 | 232.00 | OK | |
r-oldrel-macos-arm64 | 0.2-10 | 67.00 | NOTE | |||
r-oldrel-macos-x86_64 | 0.2-10 | 69.00 | NOTE | |||
r-oldrel-windows-x86_64 | 0.2-10 | 138.00 | 101.00 | 239.00 | OK |
Version: 0.2-10
Check: installed package size
Result: NOTE
installed size is 8.5Mb
sub-directories of 1Mb or more:
libs 8.4Mb
Flavors: r-release-macos-arm64, r-release-macos-x86_64, r-oldrel-macos-arm64, r-oldrel-macos-x86_64